{"id":943,"date":"2021-08-27T21:57:45","date_gmt":"2021-08-27T21:57:45","guid":{"rendered":"https:\/\/plumbuss.com\/?post_type=product&#038;p=943"},"modified":"2025-03-30T01:17:28","modified_gmt":"2025-03-30T01:17:28","slug":"gel-potenciador-de-orgasmos","status":"publish","type":"product","link":"https:\/\/plumbuss.com\/?product=gel-potenciador-de-orgasmos","title":{"rendered":"Gel Potenciador De Orgasmos"},"content":{"rendered":"<p>PORQUE UNO NUNCA ES SUFICIENTE, NUEVO MULTIORGASMICO FEMININE AROUSAL GEL<\/p>\n<p>Los multiorgasmicos son tu mejor aliado en la alcoba, este maravilloso gel aumenta el flujo sangu\u00edneo a tu cl\u00edtoris, haci\u00e9ndolo mucho m\u00e1s sensible, alcanza todos los orgasmos que quieras, es comestible y con sabor a cereza para que tu pareja pueda estimularte con su boca sin miedo, tipo gel para que te ayude a lubricar y base agua para evitar residuos pegajosos y puedes usar tus juguetes con tranquilidad.<\/p>\n<p>Adem\u00e1s de su contenido de vitamina E y L-arginina que hace m\u00e1s sensible la piel, s\u00f3lo aplica un poco en los labios vaginales y cl\u00edtoris y descubrir\u00e1s las sensaciones que produce!!!<\/p>\n","protected":false},"excerpt":{"rendered":"<p>Contenido 15 ml.<\/p>\n<p>Instrucciones: Aplicar de 4 a 5 gotas directamente en el cl\u00edtoris, unos minutos antes del acto sexual y masajear suavemente.<\/p>\n","protected":false},"featured_media":944,"comment_status":"open","ping_status":"closed","template":"","meta":[],"product_cat":[22],"product_tag":[24,23],"_links":{"self":[{"href":"https:\/\/plumbuss.com\/index.php?rest_route=\/wp\/v2\/product\/943"}],"collection":[{"href":"https:\/\/plumbuss.com\/index.php?rest_route=\/wp\/v2\/product"}],"about":[{"href":"https:\/\/plumbuss.com\/index.php?rest_route=\/wp\/v2\/types\/product"}],"replies":[{"embeddable":true,"href":"https:\/\/plumbuss.com\/index.php?rest_route=%2Fwp%2Fv2%2Fcomments&post=943"}],"wp:featuredmedia":[{"embeddable":true,"href":"https:\/\/plumbuss.com\/index.php?rest_route=\/wp\/v2\/media\/944"}],"wp:attachment":[{"href":"https:\/\/plumbuss.com\/index.php?rest_route=%2Fwp%2Fv2%2Fmedia&parent=943"}],"wp:term":[{"taxonomy":"product_cat","embeddable":true,"href":"https:\/\/plumbuss.com\/index.php?rest_route=%2Fwp%2Fv2%2Fproduct_cat&post=943"},{"taxonomy":"product_tag","embeddable":true,"href":"https:\/\/plumbuss.com\/index.php?rest_route=%2Fwp%2Fv2%2Fproduct_tag&post=943"}],"curies":[{"name":"wp","href":"https:\/\/api.w.org\/{rel}","templated":true}]}}