{"id":929,"date":"2021-08-27T02:58:16","date_gmt":"2021-08-27T02:58:16","guid":{"rendered":"https:\/\/plumbuss.com\/?post_type=product&#038;p=929"},"modified":"2025-03-01T01:13:11","modified_gmt":"2025-03-01T01:13:11","slug":"bala-vibradora-cola-de-gancho-inalambrica-con-control","status":"publish","type":"product","link":"https:\/\/plumbuss.com\/?product=bala-vibradora-cola-de-gancho-inalambrica-con-control","title":{"rendered":"Bala Vibradora Cola de Gancho Inal\u00e1mbrica Con Control"},"content":{"rendered":"<p>UN VIBRADOR ADORABLE Y POTENTE<\/p>\n<p>Este vibrador tipo bala con cola tipo pez en gancho, te permitir\u00e1 experimentar placer a donde tu vayas, elaborado en silic\u00f3n grado medico, con sensaci\u00f3n piel de durazno, este huevo cuenta con un micro texturizado para experimentar mayores sensaciones, la cola es en forma de gancho (se puede estirar) y resistente permitiendo retirarlo con facilidad, adem\u00e1s de contar con control remoto, lo que facilitar\u00e1 que lo lleves a pasear y usarlo en cualquier momento.<\/p>\n","protected":false},"excerpt":{"rendered":"<p>Material: silicona + ABS<br \/>\nControl remoto inal\u00e1mbrico (pila incluida) alcance aproximado de 6 metros<br \/>\nResistencia al agua: IPX7 ( no sumergir a m\u00e1s de 1 metro de profundidad ni por m\u00e1s de 30 minutos, el control no es a prueba de agua)<br \/>\nBater\u00eda integrada, recargable por USB(Incluido)<br \/>\nTama\u00f1o:<br \/>\n*Largo Total: 17cm<br \/>\n*Bala: 7.4cm x 3cm (en su porci\u00f3n mas gruesa)<br \/>\n*Cola: 9.6 cm<br \/>\nFrecuencia: 10 modalidades<\/p>\n","protected":false},"featured_media":932,"comment_status":"open","ping_status":"closed","template":"","meta":[],"product_cat":[30],"product_tag":[33,24,32,47],"_links":{"self":[{"href":"https:\/\/plumbuss.com\/index.php?rest_route=\/wp\/v2\/product\/929"}],"collection":[{"href":"https:\/\/plumbuss.com\/index.php?rest_route=\/wp\/v2\/product"}],"about":[{"href":"https:\/\/plumbuss.com\/index.php?rest_route=\/wp\/v2\/types\/product"}],"replies":[{"embeddable":true,"href":"https:\/\/plumbuss.com\/index.php?rest_route=%2Fwp%2Fv2%2Fcomments&post=929"}],"wp:featuredmedia":[{"embeddable":true,"href":"https:\/\/plumbuss.com\/index.php?rest_route=\/wp\/v2\/media\/932"}],"wp:attachment":[{"href":"https:\/\/plumbuss.com\/index.php?rest_route=%2Fwp%2Fv2%2Fmedia&parent=929"}],"wp:term":[{"taxonomy":"product_cat","embeddable":true,"href":"https:\/\/plumbuss.com\/index.php?rest_route=%2Fwp%2Fv2%2Fproduct_cat&post=929"},{"taxonomy":"product_tag","embeddable":true,"href":"https:\/\/plumbuss.com\/index.php?rest_route=%2Fwp%2Fv2%2Fproduct_tag&post=929"}],"curies":[{"name":"wp","href":"https:\/\/api.w.org\/{rel}","templated":true}]}}