{"id":912,"date":"2021-08-27T02:08:45","date_gmt":"2021-08-27T02:08:45","guid":{"rendered":"https:\/\/plumbuss.com\/?post_type=product&#038;p=912"},"modified":"2023-03-25T22:01:47","modified_gmt":"2023-03-25T22:01:47","slug":"lubricante-anal-base-agua-calexotics-177ml","status":"publish","type":"product","link":"https:\/\/plumbuss.com\/?product=lubricante-anal-base-agua-calexotics-177ml","title":{"rendered":"Lubricante Anal Base Agua Calexotics 177ml"},"content":{"rendered":"<p>Experimente un \u00e9xtasis alucinante con Anal Lube Original Formula.<\/p>\n<p>El lubricante a base de agua es suave como la seda y se desliza f\u00e1cilmente para una cobertura superior y resultados duraderos. El lubricante f\u00e1cil de usar es perfecto para la intimidad er\u00f3tica espont\u00e1nea que implica un juego anal ilimitado. Para disfrutar de un placer prolongado de excitaci\u00f3n y estimulaci\u00f3n, aplique el lubricante directamente sobre su trasero y experimente el viaje de su vida. La f\u00f3rmula a base de agua ofrece una lubricidad superior y es ideal para usuarios experimentados y por primera vez. La f\u00f3rmula sin perfume y sin grasa se suministra en una generosa botella transparente de 177 ml de tama\u00f1o con tapa abatible y se recomienda para uso en contacto \u00edntimo.<\/p>\n<p>El lubricante de calidad se puede aplicar directamente a su pasaje amoroso y tambi\u00e9n es adecuado para su aplicaci\u00f3n en juguetes ex\u00f3ticos para adultos. Use el lubricante para tentadores sondeos y penetraciones anales. Lubrique y lleve su acci\u00f3n amorosa dura y r\u00e1pida a alturas superiores de placer org\u00e1smico intensificado. Aumente su satisfacci\u00f3n sensual en cada encuentro cercano y personal, con esta f\u00f3rmula original. La f\u00f3rmula no pegajosa produce la acci\u00f3n de deslizamiento y deslizamiento perfecta para una penetraci\u00f3n e inserci\u00f3n f\u00e1ciles y c\u00f3modas.<\/p>\n<p>Aplique la cantidad correcta de lubricante en su punto dulce s\u00faper sensible y prep\u00e1rese para un cl\u00edmax explosivo. El lubricante tambi\u00e9n se puede aplicar directamente a los juguetes, para una estimulaci\u00f3n de precisi\u00f3n. Vuelva a aplicar cuando sea necesario. Despu\u00e9s del cl\u00edmax final, lave el lubricante con un jab\u00f3n suave y agua tibia.<\/p>\n","protected":false},"excerpt":{"rendered":"<div class=\"ui-pdp-specs__table\">\n<table class=\"andes-table\">\n<tbody class=\"andes-table__body\">\n<tr class=\"andes-table__row\">\n<th class=\"andes-table__header andes-table__header--left ui-pdp-specs__table__column ui-pdp-specs__table__column-title\">Marca<\/th>\n<td class=\"andes-table__column andes-table__column--left ui-pdp-specs__table__column\"><span class=\"andes-table__column--value\">CalExotics<\/span><\/td>\n<\/tr>\n<tr class=\"andes-table__row\">\n<th class=\"andes-table__header andes-table__header--left ui-pdp-specs__table__column ui-pdp-specs__table__column-title\">Modelo<\/th>\n<td class=\"andes-table__column andes-table__column--left ui-pdp-specs__table__column\"><span class=\"andes-table__column--value\">ANAL LUB NATURAL<\/span><\/td>\n<\/tr>\n<tr class=\"andes-table__row\">\n<th class=\"andes-table__header andes-table__header--left ui-pdp-specs__table__column ui-pdp-specs__table__column-title\">Volumen de la unidad<\/th>\n<td class=\"andes-table__column andes-table__column--left ui-pdp-specs__table__column\"><span class=\"andes-table__column--value\">117 mL<\/span><\/td>\n<\/tr>\n<\/tbody>\n<\/table>\n<\/div>\n<h3 class=\"ui-pdp-specs__subtitle\">Otras caracter\u00edsticas<\/h3>\n<div class=\"ui-pdp-list ui-pdp-specs__list\">\n<ul class=\"ui-pdp-list__wrapper\">\n<li class=\"ui-pdp-list__item\">\n<p class=\"ui-pdp-family--REGULAR ui-pdp-list__text\"><span class=\"ui-pdp-color--BLACK ui-pdp-size--XSMALL ui-pdp-family--BOLD\">Efectos<\/span>: Lubricante<\/p>\n<\/li>\n<li class=\"ui-pdp-list__item\">\n<p class=\"ui-pdp-family--REGULAR ui-pdp-list__text\"><span class=\"ui-pdp-color--BLACK ui-pdp-size--XSMALL ui-pdp-family--BOLD\">Base del producto<\/span>: Agua<\/p>\n<\/li>\n<\/ul>\n<ul class=\"ui-pdp-list__wrapper\">\n<li class=\"ui-pdp-list__item\">\n<p class=\"ui-pdp-family--REGULAR ui-pdp-list__text\"><span class=\"ui-pdp-color--BLACK ui-pdp-size--XSMALL ui-pdp-family--BOLD\">Es comestible<\/span>: No<\/p>\n<\/li>\n<li class=\"ui-pdp-list__item\">\n<p class=\"ui-pdp-family--REGULAR ui-pdp-list__text\"><span class=\"ui-pdp-color--BLACK ui-pdp-size--XSMALL ui-pdp-family--BOLD\">Zonas de aplicaci\u00f3n<\/span>: Genitales<\/p>\n<\/li>\n<\/ul>\n<ul class=\"ui-pdp-list__wrapper\">\n<li class=\"ui-pdp-list__item\">\n<p class=\"ui-pdp-family--REGULAR ui-pdp-list__text\"><span class=\"ui-pdp-color--BLACK ui-pdp-size--XSMALL ui-pdp-family--BOLD\">Unidades por envase<\/span>: 1<\/p>\n<\/li>\n<\/ul>\n<\/div>\n","protected":false},"featured_media":913,"comment_status":"open","ping_status":"closed","template":"","meta":[],"product_cat":[56],"product_tag":[40,24],"_links":{"self":[{"href":"https:\/\/plumbuss.com\/index.php?rest_route=\/wp\/v2\/product\/912"}],"collection":[{"href":"https:\/\/plumbuss.com\/index.php?rest_route=\/wp\/v2\/product"}],"about":[{"href":"https:\/\/plumbuss.com\/index.php?rest_route=\/wp\/v2\/types\/product"}],"replies":[{"embeddable":true,"href":"https:\/\/plumbuss.com\/index.php?rest_route=%2Fwp%2Fv2%2Fcomments&post=912"}],"wp:featuredmedia":[{"embeddable":true,"href":"https:\/\/plumbuss.com\/index.php?rest_route=\/wp\/v2\/media\/913"}],"wp:attachment":[{"href":"https:\/\/plumbuss.com\/index.php?rest_route=%2Fwp%2Fv2%2Fmedia&parent=912"}],"wp:term":[{"taxonomy":"product_cat","embeddable":true,"href":"https:\/\/plumbuss.com\/index.php?rest_route=%2Fwp%2Fv2%2Fproduct_cat&post=912"},{"taxonomy":"product_tag","embeddable":true,"href":"https:\/\/plumbuss.com\/index.php?rest_route=%2Fwp%2Fv2%2Fproduct_tag&post=912"}],"curies":[{"name":"wp","href":"https:\/\/api.w.org\/{rel}","templated":true}]}}