{"id":763,"date":"2021-08-25T00:51:34","date_gmt":"2021-08-25T00:51:34","guid":{"rendered":"https:\/\/plumbuss.com\/?post_type=product&#038;p=763"},"modified":"2021-09-24T02:40:52","modified_gmt":"2021-09-24T02:40:52","slug":"plug-anal-cola-de-zorro","status":"publish","type":"product","link":"https:\/\/plumbuss.com\/?product=plug-anal-cola-de-zorro","title":{"rendered":"Plug Anal Cola De Zorro"},"content":{"rendered":"<p>COLITA DE ZORRO<\/p>\n<p>Divi\u00e9rtete con este sexy y divertido plug anal cola de zorro, plug anal de acero inoxidable peque\u00f1o c\u00f3modo de usar, y su colita suave y esponjosa que le dar\u00e1 el toque perfecto.<\/p>\n","protected":false},"excerpt":{"rendered":"<p>Medidas:<\/p>\n<p>Largo total: 45 cm (aprox)<br \/>\nLargo Plug: 77 mm<br \/>\nAncho Plug: 29 mm<\/p>\n","protected":false},"featured_media":764,"comment_status":"open","ping_status":"closed","template":"","meta":[],"product_cat":[25],"product_tag":[26,37,36],"_links":{"self":[{"href":"https:\/\/plumbuss.com\/index.php?rest_route=\/wp\/v2\/product\/763"}],"collection":[{"href":"https:\/\/plumbuss.com\/index.php?rest_route=\/wp\/v2\/product"}],"about":[{"href":"https:\/\/plumbuss.com\/index.php?rest_route=\/wp\/v2\/types\/product"}],"replies":[{"embeddable":true,"href":"https:\/\/plumbuss.com\/index.php?rest_route=%2Fwp%2Fv2%2Fcomments&post=763"}],"wp:featuredmedia":[{"embeddable":true,"href":"https:\/\/plumbuss.com\/index.php?rest_route=\/wp\/v2\/media\/764"}],"wp:attachment":[{"href":"https:\/\/plumbuss.com\/index.php?rest_route=%2Fwp%2Fv2%2Fmedia&parent=763"}],"wp:term":[{"taxonomy":"product_cat","embeddable":true,"href":"https:\/\/plumbuss.com\/index.php?rest_route=%2Fwp%2Fv2%2Fproduct_cat&post=763"},{"taxonomy":"product_tag","embeddable":true,"href":"https:\/\/plumbuss.com\/index.php?rest_route=%2Fwp%2Fv2%2Fproduct_tag&post=763"}],"curies":[{"name":"wp","href":"https:\/\/api.w.org\/{rel}","templated":true}]}}