{"id":630,"date":"2021-08-20T03:05:47","date_gmt":"2021-08-20T03:05:47","guid":{"rendered":"https:\/\/plumbuss.com\/?post_type=product&#038;p=630"},"modified":"2023-08-04T04:55:11","modified_gmt":"2023-08-04T04:55:11","slug":"anillo-vibrador-estimulador-punto-g-control","status":"publish","type":"product","link":"https:\/\/plumbuss.com\/?product=anillo-vibrador-estimulador-punto-g-control","title":{"rendered":"Anillo Vibrador Estimulador Punto G Control"},"content":{"rendered":"<p>Revolucionario y potente anillo vibrador con control remoto. Creado para multiplicar las sensaciones e intensificar la excitaci\u00f3n. Doble estimulaci\u00f3n vaginal y clitorial. Se adapta a cualquier anatom\u00eda, cuenta con control remoto para comando a distancia y con un bot\u00f3n de cl\u00edmax. \u00a1Para compartir con tu pareja!<\/p>\n","protected":false},"excerpt":{"rendered":"<p>Color: Negro<br \/>\nPeso (gr) 58<br \/>\nDi\u00e1metro (cm): 3 cm (5.5 cm anillo m\u00e1s grande)<br \/>\nAlto (cm) 11.2 cm<br \/>\nLargo: 8cm<br \/>\nZona de estimulaci\u00f3n Pene \/ Cl\u00edtoris \/ Punto G \/ Pr\u00f3stata<br \/>\nMaterial Silicona<br \/>\nFunciones 10 Modos de Acci\u00f3n Vibraci\u00f3n<br \/>\nControl de Dispositivo Mando a Distancia<br \/>\nN\u00famero de Motores 2<br \/>\nLubricante Recomendado Lubricante con Base de Agua<br \/>\nResistencia al Agua: Si<br \/>\nFtalatos No<br \/>\nFlexibilidad Si<\/p>\n","protected":false},"featured_media":636,"comment_status":"open","ping_status":"closed","template":"","meta":[],"product_cat":[46],"product_tag":[49,33,47],"_links":{"self":[{"href":"https:\/\/plumbuss.com\/index.php?rest_route=\/wp\/v2\/product\/630"}],"collection":[{"href":"https:\/\/plumbuss.com\/index.php?rest_route=\/wp\/v2\/product"}],"about":[{"href":"https:\/\/plumbuss.com\/index.php?rest_route=\/wp\/v2\/types\/product"}],"replies":[{"embeddable":true,"href":"https:\/\/plumbuss.com\/index.php?rest_route=%2Fwp%2Fv2%2Fcomments&post=630"}],"wp:featuredmedia":[{"embeddable":true,"href":"https:\/\/plumbuss.com\/index.php?rest_route=\/wp\/v2\/media\/636"}],"wp:attachment":[{"href":"https:\/\/plumbuss.com\/index.php?rest_route=%2Fwp%2Fv2%2Fmedia&parent=630"}],"wp:term":[{"taxonomy":"product_cat","embeddable":true,"href":"https:\/\/plumbuss.com\/index.php?rest_route=%2Fwp%2Fv2%2Fproduct_cat&post=630"},{"taxonomy":"product_tag","embeddable":true,"href":"https:\/\/plumbuss.com\/index.php?rest_route=%2Fwp%2Fv2%2Fproduct_tag&post=630"}],"curies":[{"name":"wp","href":"https:\/\/api.w.org\/{rel}","templated":true}]}}