{"id":538,"date":"2021-08-17T02:38:00","date_gmt":"2021-08-17T02:38:00","guid":{"rendered":"https:\/\/plumbuss.com\/?post_type=product&#038;p=538"},"modified":"2025-01-30T00:47:52","modified_gmt":"2025-01-30T00:47:52","slug":"cola-de-zorro-plug-anal-chico-de-silicon","status":"publish","type":"product","link":"https:\/\/plumbuss.com\/?product=cola-de-zorro-plug-anal-chico-de-silicon","title":{"rendered":"Cola De Zorro Plug Anal Chico de Silicon"},"content":{"rendered":"<p>COLITA DE ZORRO<\/p>\n<p>Divi\u00e9rtete con este sexy y divertido plug anal cola de zorro, plug anal de silicona suave grado medico de tama\u00f1o peque\u00f1o c\u00f3modo de usar perfecto para principiantes, con su colita suave y esponjosa que le dar\u00e1 el toque perfecto.<\/p>\n","protected":false},"excerpt":{"rendered":"<p>Medidas:<\/p>\n<p>Largo total: 45- 46 cm x 6cm de ancho (Permite margen de error de +\/- 1cm)<br \/>\nLargo Plug: 75 mm<br \/>\nAncho Plug: 27 mm<\/p>\n","protected":false},"featured_media":539,"comment_status":"open","ping_status":"closed","template":"","meta":[],"product_cat":[25],"product_tag":[26,27,37],"_links":{"self":[{"href":"https:\/\/plumbuss.com\/index.php?rest_route=\/wp\/v2\/product\/538"}],"collection":[{"href":"https:\/\/plumbuss.com\/index.php?rest_route=\/wp\/v2\/product"}],"about":[{"href":"https:\/\/plumbuss.com\/index.php?rest_route=\/wp\/v2\/types\/product"}],"replies":[{"embeddable":true,"href":"https:\/\/plumbuss.com\/index.php?rest_route=%2Fwp%2Fv2%2Fcomments&post=538"}],"wp:featuredmedia":[{"embeddable":true,"href":"https:\/\/plumbuss.com\/index.php?rest_route=\/wp\/v2\/media\/539"}],"wp:attachment":[{"href":"https:\/\/plumbuss.com\/index.php?rest_route=%2Fwp%2Fv2%2Fmedia&parent=538"}],"wp:term":[{"taxonomy":"product_cat","embeddable":true,"href":"https:\/\/plumbuss.com\/index.php?rest_route=%2Fwp%2Fv2%2Fproduct_cat&post=538"},{"taxonomy":"product_tag","embeddable":true,"href":"https:\/\/plumbuss.com\/index.php?rest_route=%2Fwp%2Fv2%2Fproduct_tag&post=538"}],"curies":[{"name":"wp","href":"https:\/\/api.w.org\/{rel}","templated":true}]}}