{"id":426,"date":"2021-08-17T00:31:17","date_gmt":"2021-08-17T00:31:17","guid":{"rendered":"https:\/\/plumbuss.com\/?post_type=product&#038;p=426"},"modified":"2021-08-17T00:31:17","modified_gmt":"2021-08-17T00:31:17","slug":"cable-de-carga-juguete-entrada-dc","status":"publish","type":"product","link":"https:\/\/plumbuss.com\/?product=cable-de-carga-juguete-entrada-dc","title":{"rendered":"Cable de Carga Juguete Entrada DC"},"content":{"rendered":"<p>Cable gen\u00e9rico de repuesto para juguetes sexuales con punto de carga tipo DC y conexi\u00f3n USB, hay dos tama\u00f1os de punta, hay que elegirlo antes de comprar en la misma publicaci\u00f3n, si aun conserva su manual, revise las especificaciones.<\/p>\n","protected":false},"excerpt":{"rendered":"<p>Repuesto carga USB entrada DC<\/p>\n","protected":false},"featured_media":428,"comment_status":"open","ping_status":"closed","template":"","meta":[],"product_cat":[52],"product_tag":[],"_links":{"self":[{"href":"https:\/\/plumbuss.com\/index.php?rest_route=\/wp\/v2\/product\/426"}],"collection":[{"href":"https:\/\/plumbuss.com\/index.php?rest_route=\/wp\/v2\/product"}],"about":[{"href":"https:\/\/plumbuss.com\/index.php?rest_route=\/wp\/v2\/types\/product"}],"replies":[{"embeddable":true,"href":"https:\/\/plumbuss.com\/index.php?rest_route=%2Fwp%2Fv2%2Fcomments&post=426"}],"wp:featuredmedia":[{"embeddable":true,"href":"https:\/\/plumbuss.com\/index.php?rest_route=\/wp\/v2\/media\/428"}],"wp:attachment":[{"href":"https:\/\/plumbuss.com\/index.php?rest_route=%2Fwp%2Fv2%2Fmedia&parent=426"}],"wp:term":[{"taxonomy":"product_cat","embeddable":true,"href":"https:\/\/plumbuss.com\/index.php?rest_route=%2Fwp%2Fv2%2Fproduct_cat&post=426"},{"taxonomy":"product_tag","embeddable":true,"href":"https:\/\/plumbuss.com\/index.php?rest_route=%2Fwp%2Fv2%2Fproduct_tag&post=426"}],"curies":[{"name":"wp","href":"https:\/\/api.w.org\/{rel}","templated":true}]}}