{"id":3993,"date":"2025-11-23T15:38:59","date_gmt":"2025-11-23T15:38:59","guid":{"rendered":"https:\/\/plumbuss.com\/?post_type=product&#038;p=3993"},"modified":"2025-11-23T15:39:01","modified_gmt":"2025-11-23T15:39:01","slug":"vigorizante-femenino-pink-pussycat","status":"publish","type":"product","link":"https:\/\/plumbuss.com\/?product=vigorizante-femenino-pink-pussycat","title":{"rendered":"Vigorizante Femenino PINK PUSSYCAT"},"content":{"rendered":"<p>Haz que tu gatita ronronee como una gatita! Intensifica las sensaciones y el deseo, \u00a1convi\u00e9rtete en la amante que siempre has querido ser! \u00a1Potencia tu lubricaci\u00f3n natural al m\u00e1ximo! \u00a1Orgasmos m\u00e1s intensos, frecuentes y placenteros! \u00a1Sentir\u00e1s m\u00e1s deseo sexual que nunca! \u00a1Toma el control y disfruta al m\u00e1ximo!<\/p>\n<p>CARACTER\u00cdSTICAS<br \/>\nOrgasmo intenso<br \/>\nM\u00e1xima excitaci\u00f3n<br \/>\nAcci\u00f3n r\u00e1pida y larga duraci\u00f3n<br \/>\nMejor lubricaci\u00f3n vaginal<br \/>\nDura hasta 72 horas<\/p>\n<p>MODO DE EMPLEO: Toma una c\u00e1psula de Pink Pussycat una hora antes de la actividad sexual para aumentar la energ\u00eda, la libido y el rendimiento sexual. Pink Pussycat tambi\u00e9n puede usarse regularmente para mantenerte en \u00f3ptimas condiciones antes de la actividad sexual. Para obtener mejores resultados, toma Pink Pussycat una hora despu\u00e9s de tomar cualquier otro suplemento o medicamento. Como con cualquier suplemento oral, consulta siempre con tu m\u00e9dico antes de tomarlo. No se recomienda su uso en pacientes con enfermedades cr\u00f3nicas ni diluir su contenido.<\/p>\n<p>Tenga en cuenta que existen diversas opiniones y rese\u00f1as en la industria de los juguetes sexuales y el mejoramiento de la intimidad; los resultados tambi\u00e9n pueden variar y lo que funciona para algunos puede no funcionar igual para otros. Los art\u00edculos comprados para ingerir y los que se hayan usado de forma personal o \u00edntima no son reembolsables.<\/p>\n","protected":false},"excerpt":{"rendered":"<div class=\"ui-vpp-striped-specs\">\n<div class=\"ui-vpp-striped-specs__table\">\n<h3 class=\"ui-vpp-striped-specs__header\">Caracter\u00edsticas principales<\/h3>\n<table class=\"andes-table\">\n<tbody class=\"andes-table__body\">\n<tr class=\"andes-table__row ui-vpp-striped-specs__row\">\n<th class=\"andes-table__header andes-table__header--left ui-vpp-striped-specs__row__column ui-vpp-striped-specs__row__column--id\" scope=\"row\">\n<div class=\"andes-table__header__container\">Marca<\/div>\n<\/th>\n<td id=\":Rknlbkulqcde:\" class=\"andes-table__column andes-table__column--left andes-table__column--vertical-align-center ui-vpp-striped-specs__row__column\"><span id=\":Rknlbkulqcde:-value\" class=\"andes-table__column--value\">Pink Pussycat<\/span><\/td>\n<\/tr>\n<tr class=\"andes-table__row ui-vpp-striped-specs__row\">\n<th class=\"andes-table__header andes-table__header--left ui-vpp-striped-specs__row__column ui-vpp-striped-specs__row__column--id\" scope=\"row\">\n<div class=\"andes-table__header__container\">Modelo<\/div>\n<\/th>\n<td id=\":Rkrlbkulqcde:\" class=\"andes-table__column andes-table__column--left andes-table__column--vertical-align-center ui-vpp-striped-specs__row__column\"><span id=\":Rkrlbkulqcde:-value\" class=\"andes-table__column--value\">Pink Pussycat<\/span><\/td>\n<\/tr>\n<tr class=\"andes-table__row ui-vpp-striped-specs__row\">\n<th class=\"andes-table__header andes-table__header--left ui-vpp-striped-specs__row__column ui-vpp-striped-specs__row__column--id\" scope=\"row\">\n<div class=\"andes-table__header__container\">Formato del estimulante<\/div>\n<\/th>\n<td id=\":Rkvlbkulqcde:\" class=\"andes-table__column andes-table__column--left andes-table__column--vertical-align-center ui-vpp-striped-specs__row__column\"><span id=\":Rkvlbkulqcde:-value\" class=\"andes-table__column--value\">P\u00edldora<\/span><\/td>\n<\/tr>\n<\/tbody>\n<\/table>\n<\/div>\n<\/div>\n<div class=\"ui-vpp-striped-specs\">\n<div class=\"ui-vpp-striped-specs__table\">\n<h3 class=\"ui-vpp-striped-specs__header\">Otros<\/h3>\n<table class=\"andes-table\">\n<tbody class=\"andes-table__body\">\n<tr class=\"andes-table__row ui-vpp-striped-specs__row\">\n<th class=\"andes-table__header andes-table__header--left ui-vpp-striped-specs__row__column ui-vpp-striped-specs__row__column--id\" scope=\"row\">\n<div class=\"andes-table__header__container\">G\u00e9nero<\/div>\n<\/th>\n<td id=\":R197mbkulqcde:\" class=\"andes-table__column andes-table__column--left andes-table__column--vertical-align-center ui-vpp-striped-specs__row__column\"><span id=\":R197mbkulqcde:-value\" class=\"andes-table__column--value\">Mujer<\/span><\/td>\n<\/tr>\n<tr class=\"andes-table__row ui-vpp-striped-specs__row\">\n<th class=\"andes-table__header andes-table__header--left ui-vpp-striped-specs__row__column ui-vpp-striped-specs__row__column--id\" scope=\"row\">\n<div class=\"andes-table__header__container\">Duraci\u00f3n del efecto<\/div>\n<\/th>\n<td id=\":R19bmbkulqcde:\" class=\"andes-table__column andes-table__column--left andes-table__column--vertical-align-center ui-vpp-striped-specs__row__column\"><span id=\":R19bmbkulqcde:-value\" class=\"andes-table__column--value\">72 h<\/span><\/td>\n<\/tr>\n<tr class=\"andes-table__row ui-vpp-striped-specs__row\">\n<th class=\"andes-table__header andes-table__header--left ui-vpp-striped-specs__row__column ui-vpp-striped-specs__row__column--id\" scope=\"row\">\n<div class=\"andes-table__header__container\">Dosis sugerida<\/div>\n<\/th>\n<td id=\":R19fmbkulqcde:\" class=\"andes-table__column andes-table__column--left andes-table__column--vertical-align-center ui-vpp-striped-specs__row__column\"><span id=\":R19fmbkulqcde:-value\" class=\"andes-table__column--value\">1<\/span><\/td>\n<\/tr>\n<tr class=\"andes-table__row ui-vpp-striped-specs__row\">\n<th class=\"andes-table__header andes-table__header--left ui-vpp-striped-specs__row__column ui-vpp-striped-specs__row__column--id\" scope=\"row\">\n<div class=\"andes-table__header__container\">Tipo de envase<\/div>\n<\/th>\n<td id=\":R19jmbkulqcde:\" class=\"andes-table__column andes-table__column--left andes-table__column--vertical-align-center ui-vpp-striped-specs__row__column\"><span id=\":R19jmbkulqcde:-value\" class=\"andes-table__column--value\">Pildora<\/span><\/td>\n<\/tr>\n<\/tbody>\n<\/table>\n<\/div>\n<\/div>\n","protected":false},"featured_media":3994,"comment_status":"open","ping_status":"closed","template":"","meta":[],"product_cat":[22],"product_tag":[24,23],"_links":{"self":[{"href":"https:\/\/plumbuss.com\/index.php?rest_route=\/wp\/v2\/product\/3993"}],"collection":[{"href":"https:\/\/plumbuss.com\/index.php?rest_route=\/wp\/v2\/product"}],"about":[{"href":"https:\/\/plumbuss.com\/index.php?rest_route=\/wp\/v2\/types\/product"}],"replies":[{"embeddable":true,"href":"https:\/\/plumbuss.com\/index.php?rest_route=%2Fwp%2Fv2%2Fcomments&post=3993"}],"wp:featuredmedia":[{"embeddable":true,"href":"https:\/\/plumbuss.com\/index.php?rest_route=\/wp\/v2\/media\/3994"}],"wp:attachment":[{"href":"https:\/\/plumbuss.com\/index.php?rest_route=%2Fwp%2Fv2%2Fmedia&parent=3993"}],"wp:term":[{"taxonomy":"product_cat","embeddable":true,"href":"https:\/\/plumbuss.com\/index.php?rest_route=%2Fwp%2Fv2%2Fproduct_cat&post=3993"},{"taxonomy":"product_tag","embeddable":true,"href":"https:\/\/plumbuss.com\/index.php?rest_route=%2Fwp%2Fv2%2Fproduct_tag&post=3993"}],"curies":[{"name":"wp","href":"https:\/\/api.w.org\/{rel}","templated":true}]}}