{"id":3763,"date":"2024-04-07T02:41:07","date_gmt":"2024-04-07T02:41:07","guid":{"rendered":"https:\/\/plumbuss.com\/?post_type=product&#038;p=3763"},"modified":"2025-02-28T23:48:15","modified_gmt":"2025-02-28T23:48:15","slug":"arnes-ajuste-perfecto-para-strap-on-doble","status":"publish","type":"product","link":"https:\/\/plumbuss.com\/?product=arnes-ajuste-perfecto-para-strap-on-doble","title":{"rendered":"Strap On Realista Tipo Funda Con Testiculos Moreno 9"},"content":{"rendered":"<p>\u00bfNo siempre has querido sentirte m\u00e1s seguro acerca de tu tama\u00f1o y disfrutar del sexo satisfactorio con tu pareja el tiempo suficiente para que ambos alcancen el orgasmo? \u00a1Tu amante sabe que el tama\u00f1o s\u00ed importa y que nada puede cumplir tus fantas\u00edas y complacer a tu pareja como un hombre seguro de s\u00ed mismo que sabe lo que hace!<\/p>\n<p>Ahora puedes tener la longitud y el grosor que siempre has so\u00f1ado y ser todo el hombre que puedes ser con el arn\u00e9s hueco con bolas de 9&#8243; de Fetish Fantasy Series\u00ae. Di adi\u00f3s a las decepciones vergonzosas a mitad de camino y saluda a una sonrisa satisfactoria. \u00a1De tu amante! El c\u00f3modo arn\u00e9s el\u00e1stico se ajusta f\u00e1cilmente para adaptarse a la mayor\u00eda de los tama\u00f1os, mientras que el consolador de PVC de 9&#8243; llegar\u00e1 al lugar correcto en todo momento. Es perfecto para hombres con disfunci\u00f3n er\u00e9ctil, problemas de eyaculaci\u00f3n precoz o cualquiera que busque simplemente agregar algo extra a su pr\u00f3ximo encuentro. \u00a1Lo mejor de todo es que a\u00fan puedes disfrutar del sexo caliente cara a cara y asegurarte de que ambos se corren incluso si \u00e9l ya termin\u00f3 o no puede hacerlo! El consolador es compatible con lubricantes a base de agua y de silicona. La limpieza es muy f\u00e1cil despu\u00e9s de la diversi\u00f3n con el limpiador antibacteriano Pipedream y agua tibia.<\/p>\n<p>\u00a1Disfruta del sexo cara a cara ininterrumpido hasta que ambos lleguen al cl\u00edmax!<br \/>\nLas texturas realistas hechas a mano ofrecen sensaciones realistas.<br \/>\nArn\u00e9s s\u00faper el\u00e1stico que se adapta c\u00f3modamente a todos los tama\u00f1os hasta 52&#8243;<br \/>\nEl hardware de metal resistente mantiene el consolador en su lugar de forma segura.<\/p>\n<p>Longitud total: 9,4 pulgadas (24 cm)<\/p>\n<p>Longitud insertable: 9 pulg. (22,9 cm)<\/p>\n<p>Ancho\/Di\u00e1metro: 1,8 pulg. (4,6 cm)<\/p>\n<p>Longitud interior del hueco 3,9 pulg. (9,9 cm)<\/p>\n<p>Di\u00e1metro interior hueco: 4,5 cm (1,8 pulg.)<\/p>\n<p>Cintura Se adapta a 28 pulg. (71,1 cm) &#8211; 52 pulg. (132,1 cm)<\/p>\n","protected":false},"excerpt":{"rendered":"<div class=\"ui-vpp-striped-specs\">\n<div class=\"ui-vpp-striped-specs__table\">\n<h3 class=\"ui-vpp-striped-specs__header\">Caracter\u00edsticas principales<\/h3>\n<table class=\"andes-table\">\n<tbody class=\"andes-table__body\">\n<tr class=\"andes-table__row ui-vpp-striped-specs__row\">\n<th class=\"andes-table__header andes-table__header--left ui-vpp-striped-specs__row__column ui-vpp-striped-specs__row__column--id\" scope=\"col\">\n<div class=\"andes-table__header__container\">Marca<\/div>\n<\/th>\n<td id=\":Radtat6l9hm:\" class=\"andes-table__column andes-table__column--left andes-table__column--vertical-align-center ui-vpp-striped-specs__row__column\" title=\"Pipedream\"><span class=\"andes-table__column--value\">Pipedream<\/span><\/td>\n<\/tr>\n<tr class=\"andes-table__row ui-vpp-striped-specs__row\">\n<th class=\"andes-table__header andes-table__header--left ui-vpp-striped-specs__row__column ui-vpp-striped-specs__row__column--id\" scope=\"col\">\n<div class=\"andes-table__header__container\">Modelo<\/div>\n<\/th>\n<td id=\":Raetat6l9hm:\" class=\"andes-table__column andes-table__column--left andes-table__column--vertical-align-center ui-vpp-striped-specs__row__column\" title=\"Strap On Realista Moreno con Testiculos\"><span class=\"andes-table__column--value\">Strap On Realista Moreno con Testiculos<\/span><\/td>\n<\/tr>\n<\/tbody>\n<\/table>\n<\/div>\n<\/div>\n<div class=\"ui-vpp-striped-specs\">\n<div class=\"ui-vpp-striped-specs__table\">\n<h3 class=\"ui-vpp-striped-specs__header\">Otras caracter\u00edsticas<\/h3>\n<table class=\"andes-table\">\n<tbody class=\"andes-table__body\">\n<tr class=\"andes-table__row ui-vpp-striped-specs__row\">\n<th class=\"andes-table__header andes-table__header--left ui-vpp-striped-specs__row__column ui-vpp-striped-specs__row__column--id\" scope=\"col\">\n<div class=\"andes-table__header__container\">Material del arn\u00e9s<\/div>\n<\/th>\n<td id=\":R19htit6l9hm:\" class=\"andes-table__column andes-table__column--left andes-table__column--vertical-align-center ui-vpp-striped-specs__row__column\" title=\"PVC,ABS,ELASTICO\"><span class=\"andes-table__column--value\">PVC,ABS,ELASTICO<\/span><\/td>\n<\/tr>\n<tr class=\"andes-table__row ui-vpp-striped-specs__row\">\n<th class=\"andes-table__header andes-table__header--left ui-vpp-striped-specs__row__column ui-vpp-striped-specs__row__column--id\" scope=\"col\">\n<div class=\"andes-table__header__container\">Material del dildo<\/div>\n<\/th>\n<td id=\":R19itit6l9hm:\" class=\"andes-table__column andes-table__column--left andes-table__column--vertical-align-center ui-vpp-striped-specs__row__column\" title=\"PVC\"><span class=\"andes-table__column--value\">PVC<\/span><\/td>\n<\/tr>\n<tr class=\"andes-table__row ui-vpp-striped-specs__row\">\n<th class=\"andes-table__header andes-table__header--left ui-vpp-striped-specs__row__column ui-vpp-striped-specs__row__column--id\" scope=\"col\">\n<div class=\"andes-table__header__container\">Tipo de resistencia al agua<\/div>\n<\/th>\n<td id=\":R19jtit6l9hm:\" class=\"andes-table__column andes-table__column--left andes-table__column--vertical-align-center ui-vpp-striped-specs__row__column\" title=\"A prueba de salpicaduras\"><span class=\"andes-table__column--value\">A prueba de salpicaduras<\/span><\/td>\n<\/tr>\n<tr class=\"andes-table__row ui-vpp-striped-specs__row\">\n<th class=\"andes-table__header andes-table__header--left ui-vpp-striped-specs__row__column ui-vpp-striped-specs__row__column--id\" scope=\"col\">\n<div class=\"andes-table__header__container\">Cantidad de dildos<\/div>\n<\/th>\n<td id=\":R19ktit6l9hm:\" class=\"andes-table__column andes-table__column--left andes-table__column--vertical-align-center ui-vpp-striped-specs__row__column\" title=\"1\"><span class=\"andes-table__column--value\">1<\/span><\/td>\n<\/tr>\n<tr class=\"andes-table__row ui-vpp-striped-specs__row\">\n<th class=\"andes-table__header andes-table__header--left ui-vpp-striped-specs__row__column ui-vpp-striped-specs__row__column--id\" scope=\"col\">\n<div class=\"andes-table__header__container\">Largo<\/div>\n<\/th>\n<td id=\":R19ltit6l9hm:\" class=\"andes-table__column andes-table__column--left andes-table__column--vertical-align-center ui-vpp-striped-specs__row__column\" title=\"24 cm\"><span class=\"andes-table__column--value\">24 cm<\/span><\/td>\n<\/tr>\n<tr class=\"andes-table__row ui-vpp-striped-specs__row\">\n<th class=\"andes-table__header andes-table__header--left ui-vpp-striped-specs__row__column ui-vpp-striped-specs__row__column--id\" scope=\"col\">\n<div class=\"andes-table__header__container\">Di\u00e1metro<\/div>\n<\/th>\n<td id=\":R19mtit6l9hm:\" class=\"andes-table__column andes-table__column--left andes-table__column--vertical-align-center ui-vpp-striped-specs__row__column\" title=\"4.6 mm\"><span class=\"andes-table__column--value\">4.6 mm<\/span><\/td>\n<\/tr>\n<tr class=\"andes-table__row ui-vpp-striped-specs__row\">\n<th class=\"andes-table__header andes-table__header--left ui-vpp-striped-specs__row__column ui-vpp-striped-specs__row__column--id\" scope=\"col\">\n<div class=\"andes-table__header__container\">Tiene vibraci\u00f3n<\/div>\n<\/th>\n<td id=\":R19ntit6l9hm:\" class=\"andes-table__column andes-table__column--left andes-table__column--vertical-align-center ui-vpp-striped-specs__row__column\" title=\"No\"><span class=\"andes-table__column--value\">No<\/span><\/td>\n<\/tr>\n<tr class=\"andes-table__row ui-vpp-striped-specs__row\">\n<th class=\"andes-table__header andes-table__header--left ui-vpp-striped-specs__row__column ui-vpp-striped-specs__row__column--id\" scope=\"col\">\n<div class=\"andes-table__header__container\">Incluye funda peniana<\/div>\n<\/th>\n<td id=\":R19otit6l9hm:\" class=\"andes-table__column andes-table__column--left andes-table__column--vertical-align-center ui-vpp-striped-specs__row__column\" title=\"S\u00ed\"><span class=\"andes-table__column--value\">S\u00ed<\/span><\/td>\n<\/tr>\n<\/tbody>\n<\/table>\n<\/div>\n<\/div>\n","protected":false},"featured_media":3771,"comment_status":"open","ping_status":"closed","template":"","meta":[],"product_cat":[79],"product_tag":[58,34,33,44],"_links":{"self":[{"href":"https:\/\/plumbuss.com\/index.php?rest_route=\/wp\/v2\/product\/3763"}],"collection":[{"href":"https:\/\/plumbuss.com\/index.php?rest_route=\/wp\/v2\/product"}],"about":[{"href":"https:\/\/plumbuss.com\/index.php?rest_route=\/wp\/v2\/types\/product"}],"replies":[{"embeddable":true,"href":"https:\/\/plumbuss.com\/index.php?rest_route=%2Fwp%2Fv2%2Fcomments&post=3763"}],"wp:featuredmedia":[{"embeddable":true,"href":"https:\/\/plumbuss.com\/index.php?rest_route=\/wp\/v2\/media\/3771"}],"wp:attachment":[{"href":"https:\/\/plumbuss.com\/index.php?rest_route=%2Fwp%2Fv2%2Fmedia&parent=3763"}],"wp:term":[{"taxonomy":"product_cat","embeddable":true,"href":"https:\/\/plumbuss.com\/index.php?rest_route=%2Fwp%2Fv2%2Fproduct_cat&post=3763"},{"taxonomy":"product_tag","embeddable":true,"href":"https:\/\/plumbuss.com\/index.php?rest_route=%2Fwp%2Fv2%2Fproduct_tag&post=3763"}],"curies":[{"name":"wp","href":"https:\/\/api.w.org\/{rel}","templated":true}]}}