{"id":3678,"date":"2023-11-30T02:03:36","date_gmt":"2023-11-30T02:03:36","guid":{"rendered":"https:\/\/plumbuss.com\/?post_type=product&#038;p=3678"},"modified":"2024-04-15T05:27:44","modified_gmt":"2024-04-15T05:27:44","slug":"masturbador-vibrador-skywarship","status":"publish","type":"product","link":"https:\/\/plumbuss.com\/?product=masturbador-vibrador-skywarship","title":{"rendered":"Masturbador Vibrador Skywarship"},"content":{"rendered":"<p>Masturbador Autom\u00e1tico Vibrador y Succi\u00f3n Con Calor Recargable<\/p>\n<div class=\"ui-vpp-striped-specs\">\n<div class=\"ui-vpp-striped-specs__table\">\n<h3 class=\"ui-vpp-striped-specs__header\">Caracter\u00edsticas principales<\/h3>\n<table class=\"andes-table\">\n<tbody class=\"andes-table__body\">\n<tr class=\"andes-table__row ui-vpp-striped-specs__row\">\n<th class=\"andes-table__header andes-table__header--left ui-vpp-striped-specs__row__column ui-vpp-striped-specs__row__column--id\" scope=\"col\">\n<div class=\"andes-table__header__container\">Marca<\/div>\n<\/th>\n<td id=\":R19jtat6l9hm:\" class=\"andes-table__column andes-table__column--left andes-table__column--vertical-align-center ui-vpp-striped-specs__row__column\" title=\"FANIE\"><span class=\"andes-table__column--value\">FANIE<\/span><\/td>\n<\/tr>\n<tr class=\"andes-table__row ui-vpp-striped-specs__row\">\n<th class=\"andes-table__header andes-table__header--left ui-vpp-striped-specs__row__column ui-vpp-striped-specs__row__column--id\" scope=\"col\">\n<div class=\"andes-table__header__container\">L\u00ednea<\/div>\n<\/th>\n<td id=\":R19ltat6l9hm:\" class=\"andes-table__column andes-table__column--left andes-table__column--vertical-align-center ui-vpp-striped-specs__row__column\" title=\"Training CUP\"><span class=\"andes-table__column--value\">Training CUP<\/span><\/td>\n<\/tr>\n<tr class=\"andes-table__row ui-vpp-striped-specs__row\">\n<th class=\"andes-table__header andes-table__header--left ui-vpp-striped-specs__row__column ui-vpp-striped-specs__row__column--id\" scope=\"col\">\n<div class=\"andes-table__header__container\">Modelo<\/div>\n<\/th>\n<td id=\":R19ntat6l9hm:\" class=\"andes-table__column andes-table__column--left andes-table__column--vertical-align-center ui-vpp-striped-specs__row__column\" title=\"SKYWARSHIP\"><span class=\"andes-table__column--value\">SKYWARSHIP<\/span><\/td>\n<\/tr>\n<tr class=\"andes-table__row ui-vpp-striped-specs__row\">\n<th class=\"andes-table__header andes-table__header--left ui-vpp-striped-specs__row__column ui-vpp-striped-specs__row__column--id\" scope=\"col\">\n<div class=\"andes-table__header__container\">Color<\/div>\n<\/th>\n<td id=\":R19ptat6l9hm:\" class=\"andes-table__column andes-table__column--left andes-table__column--vertical-align-center ui-vpp-striped-specs__row__column\" title=\"Negro\"><span class=\"andes-table__column--value\">Negro<\/span><\/td>\n<\/tr>\n<tr class=\"andes-table__row ui-vpp-striped-specs__row\">\n<th class=\"andes-table__header andes-table__header--left ui-vpp-striped-specs__row__column ui-vpp-striped-specs__row__column--id\" scope=\"col\">\n<div class=\"andes-table__header__container\">Tipo De Orificio<\/div>\n<\/th>\n<td id=\":R19rtat6l9hm:\" class=\"andes-table__column andes-table__column--left andes-table__column--vertical-align-center ui-vpp-striped-specs__row__column\" title=\"Vagina\"><span class=\"andes-table__column--value\">Vagina<\/span><\/td>\n<\/tr>\n<\/tbody>\n<\/table>\n<\/div>\n<\/div>\n<div class=\"ui-vpp-striped-specs\">\n<div class=\"ui-vpp-striped-specs__table\">\n<h3 class=\"ui-vpp-striped-specs__header\">Otras caracter\u00edsticas<\/h3>\n<table class=\"andes-table\">\n<tbody class=\"andes-table__body\">\n<tr class=\"andes-table__row ui-vpp-striped-specs__row\">\n<th class=\"andes-table__header andes-table__header--left ui-vpp-striped-specs__row__column ui-vpp-striped-specs__row__column--id\" scope=\"col\">\n<div class=\"andes-table__header__container\">Formato<\/div>\n<\/th>\n<td id=\":R19jtit6l9hm:\" class=\"andes-table__column andes-table__column--left andes-table__column--vertical-align-center ui-vpp-striped-specs__row__column\" title=\"Cilindro\"><span class=\"andes-table__column--value\">Cilindro<\/span><\/td>\n<\/tr>\n<tr class=\"andes-table__row ui-vpp-striped-specs__row\">\n<th class=\"andes-table__header andes-table__header--left ui-vpp-striped-specs__row__column ui-vpp-striped-specs__row__column--id\" scope=\"col\">\n<div class=\"andes-table__header__container\">Tipos de acciones<\/div>\n<\/th>\n<td id=\":R19ltit6l9hm:\" class=\"andes-table__column andes-table__column--left andes-table__column--vertical-align-center ui-vpp-striped-specs__row__column\" title=\"Succi\u00f3n,Vibraci\u00f3n,Calor\"><span class=\"andes-table__column--value\">Succi\u00f3n,Vibraci\u00f3n,Calor<\/span><\/td>\n<\/tr>\n<tr class=\"andes-table__row ui-vpp-striped-specs__row\">\n<th class=\"andes-table__header andes-table__header--left ui-vpp-striped-specs__row__column ui-vpp-striped-specs__row__column--id\" scope=\"col\">\n<div class=\"andes-table__header__container\">Textura interna<\/div>\n<\/th>\n<td id=\":R19ntit6l9hm:\" class=\"andes-table__column andes-table__column--left andes-table__column--vertical-align-center ui-vpp-striped-specs__row__column\" title=\"TEXTURIZADO\"><span class=\"andes-table__column--value\">TEXTURIZADO<\/span><\/td>\n<\/tr>\n<tr class=\"andes-table__row ui-vpp-striped-specs__row\">\n<th class=\"andes-table__header andes-table__header--left ui-vpp-striped-specs__row__column ui-vpp-striped-specs__row__column--id\" scope=\"col\">\n<div class=\"andes-table__header__container\">Material<\/div>\n<\/th>\n<td id=\":R19ptit6l9hm:\" class=\"andes-table__column andes-table__column--left andes-table__column--vertical-align-center ui-vpp-striped-specs__row__column\" title=\"ABS+TPE\"><span class=\"andes-table__column--value\">ABS+TPE<\/span><\/td>\n<\/tr>\n<tr class=\"andes-table__row ui-vpp-striped-specs__row\">\n<th class=\"andes-table__header andes-table__header--left ui-vpp-striped-specs__row__column ui-vpp-striped-specs__row__column--id\" scope=\"col\">\n<div class=\"andes-table__header__container\">Largo<\/div>\n<\/th>\n<td id=\":R19rtit6l9hm:\" class=\"andes-table__column andes-table__column--left andes-table__column--vertical-align-center ui-vpp-striped-specs__row__column\" title=\"12.5 cm\"><span class=\"andes-table__column--value\">12.5 cm<\/span><\/td>\n<\/tr>\n<tr class=\"andes-table__row ui-vpp-striped-specs__row\">\n<th class=\"andes-table__header andes-table__header--left ui-vpp-striped-specs__row__column ui-vpp-striped-specs__row__column--id\" scope=\"col\">\n<div class=\"andes-table__header__container\">Es masajeador de pr\u00f3stata<\/div>\n<\/th>\n<td id=\":R19ttit6l9hm:\" class=\"andes-table__column andes-table__column--left andes-table__column--vertical-align-center ui-vpp-striped-specs__row__column\" title=\"No\"><span class=\"andes-table__column--value\">No<\/span><\/td>\n<\/tr>\n<\/tbody>\n<\/table>\n<\/div>\n<\/div>\n","protected":false},"excerpt":{"rendered":"<p>LLEVA TU PLACER AL MAXIMO CON LA NUEVA GENERACI\u00d3N DE MASTURBADORES<\/p>\n<p>A diferencia de los masturbadores masculinos tradicionales que solo empujan una sola repetici\u00f3n mec\u00e1nica, estimulan su pene sin imitar las sensaciones reales. Nuestros trazos de masturbador tienen una potente y autom\u00e1tica bomba de succi\u00f3n al vac\u00edo, con cada contracci\u00f3n y expansi\u00f3n, su pene queda bien envuelto.<\/p>\n<p>Este masturbador cuenta con potentes motores silenciosos con 7 modos de vibraci\u00f3n y 3 succi\u00f3n.<\/p>\n<p>Como novedad: el modo Climax de UN BOT\u00d3N combina una fuerte sensaci\u00f3n de succi\u00f3n con una vibraci\u00f3n estimulante. M\u00faltiples placeres instant\u00e1neos que te hacen sentir como si estuvieras en una nube, brindan la m\u00e1xima sensaci\u00f3n sensual. Aseg\u00farese de utilizar abundante lubricante a base de agua para facilitar las cosas.<\/p>\n<p>Material TPE suave y seguro de primera calidad: las part\u00edculas de TPE 3D realistas forman canales perfectos. Es muy suave, el\u00e1stico y flexible para adaptarse a cualquier tama\u00f1o, brind\u00e1ndole el placer de la fricci\u00f3n para mejorar la estimulaci\u00f3n del pene. La circulaci\u00f3n de aire dentro del masturbador masculino estimula cada nervio sensorial de su pene, juguetes sexuales con forma de part\u00edculas irregulares, brindando una experiencia de masturbaci\u00f3n sin esfuerzo.<\/p>\n<p>Este juguete sexual masculino tiene una funda extra\u00edble, que puede separar f\u00e1cilmente la bala de la funda. Simplemente s\u00e1quelo, enju\u00e1guelo y luego s\u00e9quelo. Despu\u00e9s de cada uso, la funda se puede lavar con agua tibia y jab\u00f3n suave y enjuagar para secar. Carga r\u00e1pida USB, la carga de 3 horas puede ser completa, puede continuar funcionando 1,5 horas.<\/p>\n<p>Tambi\u00e9n est\u00e1 equipado con una ventana de visualizaci\u00f3n que le permite ver visualmente el pene entrando y saliendo durante el ejercicio. Tambi\u00e9n hay luces de colores en la ventana de visualizaci\u00f3n que coinciden con su pene por dentro y por fuera. Experimentemos un tipo diferente de sexo.<\/p>\n<p>Garantizamos env\u00edo discreto y privacidad del cliente. Todos los juguetes para hombres se env\u00edan en cajas empaquetadas discretamente para facilitar su almacenamiento. Si tiene alguna pregunta sobre el producto, no dude en contactarnos.<\/p>\n<p>MEDIDAS:<\/p>\n<p>Exterior:<br \/>\nLargo Total: 22.4 cm<br \/>\nAncho: 8.5 cm<\/p>\n<p>Interna:<br \/>\nLargo: 12.5 cm<br \/>\nAncho: 8 cm entrada externa (el canal interno es m\u00e1s estrecho pero flexible, se adapta a diversos gruesos)<\/p>\n<p>Garant\u00eda del vendedor: 30 d\u00edas<\/p>\n","protected":false},"featured_media":3681,"comment_status":"open","ping_status":"closed","template":"","meta":[],"product_cat":[38],"product_tag":[40,21,41,39,73],"_links":{"self":[{"href":"https:\/\/plumbuss.com\/index.php?rest_route=\/wp\/v2\/product\/3678"}],"collection":[{"href":"https:\/\/plumbuss.com\/index.php?rest_route=\/wp\/v2\/product"}],"about":[{"href":"https:\/\/plumbuss.com\/index.php?rest_route=\/wp\/v2\/types\/product"}],"replies":[{"embeddable":true,"href":"https:\/\/plumbuss.com\/index.php?rest_route=%2Fwp%2Fv2%2Fcomments&post=3678"}],"wp:featuredmedia":[{"embeddable":true,"href":"https:\/\/plumbuss.com\/index.php?rest_route=\/wp\/v2\/media\/3681"}],"wp:attachment":[{"href":"https:\/\/plumbuss.com\/index.php?rest_route=%2Fwp%2Fv2%2Fmedia&parent=3678"}],"wp:term":[{"taxonomy":"product_cat","embeddable":true,"href":"https:\/\/plumbuss.com\/index.php?rest_route=%2Fwp%2Fv2%2Fproduct_cat&post=3678"},{"taxonomy":"product_tag","embeddable":true,"href":"https:\/\/plumbuss.com\/index.php?rest_route=%2Fwp%2Fv2%2Fproduct_tag&post=3678"}],"curies":[{"name":"wp","href":"https:\/\/api.w.org\/{rel}","templated":true}]}}