{"id":3383,"date":"2023-11-15T22:36:15","date_gmt":"2023-11-15T22:36:15","guid":{"rendered":"https:\/\/plumbuss.com\/?post_type=product&#038;p=3383"},"modified":"2025-09-26T23:16:53","modified_gmt":"2025-09-26T23:16:53","slug":"condon-skyn-sin-latex-elite","status":"publish","type":"product","link":"https:\/\/plumbuss.com\/?product=condon-skyn-sin-latex-elite","title":{"rendered":"Condon Skyn Sin Latex Elite"},"content":{"rendered":"<div class=\"ui-vpp-striped-specs\">\n<div class=\"ui-vpp-striped-specs__table\">\n<h3 class=\"ui-vpp-striped-specs__header\">Caracter\u00edsticas principales<\/h3>\n<table class=\"andes-table\">\n<tbody class=\"andes-table__body\">\n<tr class=\"andes-table__row ui-vpp-striped-specs__row\">\n<th class=\"andes-table__header andes-table__header--left ui-vpp-striped-specs__row__column ui-vpp-striped-specs__row__column--id\" scope=\"col\">\n<div class=\"andes-table__header__container\">Marca<\/div>\n<\/th>\n<td id=\":R2jvan9lacd:\" class=\"andes-table__column andes-table__column--left andes-table__column--vertical-align-center ui-vpp-striped-specs__row__column\" title=\"Prime\"><span class=\"andes-table__column--value\">Prime<\/span><\/td>\n<\/tr>\n<\/tbody>\n<\/table>\n<\/div>\n<\/div>\n<div class=\"ui-vpp-striped-specs\">\n<div class=\"ui-vpp-striped-specs__table\">\n<h3 class=\"ui-vpp-striped-specs__header\">Otros<\/h3>\n<table class=\"andes-table\">\n<tbody class=\"andes-table__body\">\n<tr class=\"andes-table__row ui-vpp-striped-specs__row\">\n<th class=\"andes-table__header andes-table__header--left ui-vpp-striped-specs__row__column ui-vpp-striped-specs__row__column--id\" scope=\"col\">\n<div class=\"andes-table__header__container\">Formato de venta<\/div>\n<\/th>\n<td id=\":R56vcn9lacd:\" class=\"andes-table__column andes-table__column--left andes-table__column--vertical-align-center ui-vpp-striped-specs__row__column\" title=\"Pack\"><span class=\"andes-table__column--value\">Pack<\/span><\/td>\n<\/tr>\n<tr class=\"andes-table__row ui-vpp-striped-specs__row\">\n<th class=\"andes-table__header andes-table__header--left ui-vpp-striped-specs__row__column ui-vpp-striped-specs__row__column--id\" scope=\"col\">\n<div class=\"andes-table__header__container\">Unidades por pack<\/div>\n<\/th>\n<td id=\":R57fcn9lacd:\" class=\"andes-table__column andes-table__column--left andes-table__column--vertical-align-center ui-vpp-striped-specs__row__column\" title=\"3\"><span class=\"andes-table__column--value\">3<\/span><\/td>\n<\/tr>\n<\/tbody>\n<\/table>\n<\/div>\n<\/div>\n","protected":false},"excerpt":{"rendered":"<p>CADA COMPRA EQUIVALE A 3 PIEZAS SIN CAJA.<\/p>\n<p>Ultra Suave y Ultra Fino para una sensaci\u00f3n excepcionalmente placentera. Los condones SKYN \u00c9lite llevan la experiencia \u00edntima al siguiente nivel. Esto no es solo una caja de condones. Esto es lo m\u00e1s parecido a no llevar nada.<\/p>\n<p>Los condones lubricados de poliisopreno premium ultrafinos grandes SKYN\u00ae Elite est\u00e1n fabricados con material SKYNFEEL\u00ae, un material sin l\u00e1tex que se siente suave y natural. 15 % m\u00e1s delgados que nuestros condones SKYN\u00ae Original, y m\u00e1s largos y anchos para mayor comodidad, estos condones brindan la m\u00e1xima sensibilidad. Tambi\u00e9n son ultrasuaves y se adaptan f\u00e1cilmente a tu forma para que sean c\u00f3modos de usar. Todos los condones SKYN\u00ae est\u00e1n libres de prote\u00ednas de caucho natural, lo que los convierte en una opci\u00f3n adecuada para personas con alergia al l\u00e1tex conocida o sospechada.<\/p>\n<p>*15% m\u00e1s fino que el cond\u00f3n Original SKYN: menos barreras para aumentar tu placer y el de tu pareja.<\/p>\n<p>*53 mm de ancho nominal: el ancho nominal es el di\u00e1metro del extremo abierto de un cond\u00f3n. 53 mm corresponde a un tama\u00f1o est\u00e1ndar. Aseg\u00farate de obtener el mejor ajuste comprobando su ancho nominal.<\/p>\n<p>*Lubricante a base de silicona y sin espermicida: con lubricante ultrasuave de larga duraci\u00f3n.<\/p>\n<p>NOTA:<\/p>\n<p>SKYNFEL\u00ae<br \/>\nLos condones SKYN\u00ae est\u00e1n hechos con SKYNFEEL\u00ae, un material de poliisopreno tecnol\u00f3gicamente avanzado que est\u00e1 completamente libre de caucho natural.<\/p>\n<p>Est\u00e1n lubricados con aceite de silicona no espermicida SK-70 (dimeticona).<\/p>\n<p>Los condones SKYN\u00ae no contienen ingredientes animales ni nonoxinal 9.<\/p>\n","protected":false},"featured_media":3384,"comment_status":"open","ping_status":"closed","template":"","meta":[],"product_cat":[54],"product_tag":[40,33],"_links":{"self":[{"href":"https:\/\/plumbuss.com\/index.php?rest_route=\/wp\/v2\/product\/3383"}],"collection":[{"href":"https:\/\/plumbuss.com\/index.php?rest_route=\/wp\/v2\/product"}],"about":[{"href":"https:\/\/plumbuss.com\/index.php?rest_route=\/wp\/v2\/types\/product"}],"replies":[{"embeddable":true,"href":"https:\/\/plumbuss.com\/index.php?rest_route=%2Fwp%2Fv2%2Fcomments&post=3383"}],"wp:featuredmedia":[{"embeddable":true,"href":"https:\/\/plumbuss.com\/index.php?rest_route=\/wp\/v2\/media\/3384"}],"wp:attachment":[{"href":"https:\/\/plumbuss.com\/index.php?rest_route=%2Fwp%2Fv2%2Fmedia&parent=3383"}],"wp:term":[{"taxonomy":"product_cat","embeddable":true,"href":"https:\/\/plumbuss.com\/index.php?rest_route=%2Fwp%2Fv2%2Fproduct_cat&post=3383"},{"taxonomy":"product_tag","embeddable":true,"href":"https:\/\/plumbuss.com\/index.php?rest_route=%2Fwp%2Fv2%2Fproduct_tag&post=3383"}],"curies":[{"name":"wp","href":"https:\/\/api.w.org\/{rel}","templated":true}]}}