{"id":3149,"date":"2023-09-12T07:06:37","date_gmt":"2023-09-12T07:06:37","guid":{"rendered":"https:\/\/plumbuss.com\/?post_type=product&#038;p=3149"},"modified":"2023-12-31T03:32:17","modified_gmt":"2023-12-31T03:32:17","slug":"dildo-vibrador-tipo-tentaculo-pulpo-con-ventosa-y-control","status":"publish","type":"product","link":"https:\/\/plumbuss.com\/?product=dildo-vibrador-tipo-tentaculo-pulpo-con-ventosa-y-control","title":{"rendered":"Vibrador Tipo Tent\u00e1culo Pulpo Con ventosa Y Control"},"content":{"rendered":"<h2 class=\"ui-pdp-specs__title\">Caracter\u00edsticas principales<\/h2>\n<div class=\"ui-pdp-specs__table\">\n<table class=\"andes-table\">\n<tbody class=\"andes-table__body\">\n<tr class=\"andes-table__row\">\n<th class=\"andes-table__header andes-table__header--left ui-pdp-specs__table__column ui-pdp-specs__table__column-title\" scope=\"col\">\n<div class=\"andes-table__header__container\">Marca<\/div>\n<\/th>\n<td id=\":R2j7n7l6c5:\" class=\"andes-table__column andes-table__column--left andes-table__column--vertical-align-center ui-pdp-specs__table__column\" title=\"Plumbuss\"><span class=\"andes-table__column--value\">Plumbuss<\/span><\/td>\n<\/tr>\n<tr class=\"andes-table__row\">\n<th class=\"andes-table__header andes-table__header--left ui-pdp-specs__table__column ui-pdp-specs__table__column-title\" scope=\"col\">\n<div class=\"andes-table__header__container\">Modelo<\/div>\n<\/th>\n<td id=\":R2jbn7l6c5:\" class=\"andes-table__column andes-table__column--left andes-table__column--vertical-align-center ui-pdp-specs__table__column\" title=\"Dildo Vibrador tipo tent\u00e1culo con control\"><span class=\"andes-table__column--value\">Dildo Vibrador tipo tent\u00e1culo con control<\/span><\/td>\n<\/tr>\n<tr class=\"andes-table__row\">\n<th class=\"andes-table__header andes-table__header--left ui-pdp-specs__table__column ui-pdp-specs__table__column-title\" scope=\"col\">\n<div class=\"andes-table__header__container\">Largo total<\/div>\n<\/th>\n<td id=\":R2jfn7l6c5:\" class=\"andes-table__column andes-table__column--left andes-table__column--vertical-align-center ui-pdp-specs__table__column\" title=\"19 cm\"><span class=\"andes-table__column--value\">19 cm<\/span><\/td>\n<\/tr>\n<tr class=\"andes-table__row\">\n<th class=\"andes-table__header andes-table__header--left ui-pdp-specs__table__column ui-pdp-specs__table__column-title\" scope=\"col\">\n<div class=\"andes-table__header__container\">Di\u00e1metro<\/div>\n<\/th>\n<td id=\":R2jjn7l6c5:\" class=\"andes-table__column andes-table__column--left andes-table__column--vertical-align-center ui-pdp-specs__table__column\" title=\"5.6 cm\"><span class=\"andes-table__column--value\">5.6 cm<\/span><\/td>\n<\/tr>\n<\/tbody>\n<\/table>\n<\/div>\n<h3 class=\"ui-pdp-specs__subtitle\">Otras caracter\u00edsticas<\/h3>\n<div class=\"ui-pdp-list ui-pdp-specs__list\">\n<ul class=\"ui-pdp-list__wrapper\">\n<li class=\"ui-pdp-list__item\">\n<p class=\"ui-pdp-family--REGULAR ui-pdp-list__text\"><span class=\"ui-pdp-color--BLACK ui-pdp-size--XSMALL ui-pdp-family--BOLD\">Forma del dildo<\/span>: Tent\u00e1culo torcido<\/p>\n<\/li>\n<li class=\"ui-pdp-list__item\">\n<p class=\"ui-pdp-family--REGULAR ui-pdp-list__text\"><span class=\"ui-pdp-color--BLACK ui-pdp-size--XSMALL ui-pdp-family--BOLD\">Con ventosa<\/span>: S\u00ed<\/p>\n<\/li>\n<\/ul>\n<ul class=\"ui-pdp-list__wrapper\">\n<li class=\"ui-pdp-list__item\">\n<p class=\"ui-pdp-family--REGULAR ui-pdp-list__text\"><span class=\"ui-pdp-color--BLACK ui-pdp-size--XSMALL ui-pdp-family--BOLD\">Es compatible con arn\u00e9s<\/span>: No<\/p>\n<\/li>\n<\/ul>\n<\/div>\n","protected":false},"excerpt":{"rendered":"<p>DIFERENTES FORMAS + DIFERENTES TEXTURAS = DIFERENTES SENSACIONES.<\/p>\n<p>El dildo tipo tent\u00e1culo, est\u00e1 hecho de un material que es suave al tacto, la forma de tent\u00e1culo torcido y los detalles de peque\u00f1as ventosas, ayuda a intensificar las sensaciones.<\/p>\n<p>Tambi\u00e9n cuenta con una bala vibradora con 10 velocidades (recargable), que puedes controlar con un control (bateria incluida). Es perfecto para usarlo tambi\u00e9n en pareja.<\/p>\n<p>Pegue la ventosa en una superficie lisa y conoce cada detalle que te ofrece con sus diferentes grosores.<\/p>\n<p>Informaci\u00f3n esencial:<br \/>\n*Longitud: 19 cm<br \/>\n*Longitud insertable: 16.5 cm<br \/>\n*Circunferencia: Diferentes grosores de 2 cm a 5.6 cm<br \/>\n*Material: Silicona<br \/>\n*Impermeable: Sumergible<br \/>\n*Libre de ftalato<\/p>\n<p>Contenido:<br \/>\n1 * control remoto<br \/>\n1 * Cable cargador USB<br \/>\n1 * Consolador<br \/>\n1 * vibrador<\/p>\n<p>***PERMITE MARGEN DE ERROR DE +\/- 1CM***<\/p>\n<p>Instrucciones de uso<\/p>\n<p>1) Mantenga pulsado el interruptor del vibrador durante 2-3 segundos para encender\/apagar.<br \/>\n2) Mantenga presionado el control remoto durante 2-3 segundos para encender\/apagar, haga clic en el interruptor para cambiar el modo, presione 2-3 segundos para dejar de vibrar.<\/p>\n<p>Garant\u00eda del vendedor: 1 meses<\/p>\n<p>Garant\u00eda del vendedor: 1 meses<\/p>\n","protected":false},"featured_media":3152,"comment_status":"open","ping_status":"closed","template":"","meta":[],"product_cat":[51],"product_tag":[40,72,34,26,69,33,50,60,68,73],"_links":{"self":[{"href":"https:\/\/plumbuss.com\/index.php?rest_route=\/wp\/v2\/product\/3149"}],"collection":[{"href":"https:\/\/plumbuss.com\/index.php?rest_route=\/wp\/v2\/product"}],"about":[{"href":"https:\/\/plumbuss.com\/index.php?rest_route=\/wp\/v2\/types\/product"}],"replies":[{"embeddable":true,"href":"https:\/\/plumbuss.com\/index.php?rest_route=%2Fwp%2Fv2%2Fcomments&post=3149"}],"wp:featuredmedia":[{"embeddable":true,"href":"https:\/\/plumbuss.com\/index.php?rest_route=\/wp\/v2\/media\/3152"}],"wp:attachment":[{"href":"https:\/\/plumbuss.com\/index.php?rest_route=%2Fwp%2Fv2%2Fmedia&parent=3149"}],"wp:term":[{"taxonomy":"product_cat","embeddable":true,"href":"https:\/\/plumbuss.com\/index.php?rest_route=%2Fwp%2Fv2%2Fproduct_cat&post=3149"},{"taxonomy":"product_tag","embeddable":true,"href":"https:\/\/plumbuss.com\/index.php?rest_route=%2Fwp%2Fv2%2Fproduct_tag&post=3149"}],"curies":[{"name":"wp","href":"https:\/\/api.w.org\/{rel}","templated":true}]}}