{"id":250,"date":"2021-08-15T19:53:10","date_gmt":"2021-08-15T19:53:10","guid":{"rendered":"https:\/\/plumbuss.com\/?post_type=product&#038;p=250"},"modified":"2021-10-24T16:15:59","modified_gmt":"2021-10-24T16:15:59","slug":"vibrador-strapon-sin-arnes-con-control-remoto","status":"publish","type":"product","link":"https:\/\/plumbuss.com\/?product=vibrador-strapon-sin-arnes-con-control-remoto","title":{"rendered":"Vibrador Strapon Sin Arnes con Control Remoto"},"content":{"rendered":"<p>DIVERSI\u00d3N EN PAREJA GARANTIZADA<\/p>\n<p>Un vibrador pensado para disfrutar en pareja, vibrador de dos cabezas con cada una con motor independiente, que puede usarse bien como vibrador sin arn\u00e9s o bien como vibrador y estimulador. F\u00e1cil de usar con su dise\u00f1o de arco curvado de 45 grados suave y maleable. Disponible con control remoto, para que puedas hacer cambios de modalidad sin necesidad de tocar el vibrador, listo para usar solo o en pareja.<\/p>\n","protected":false},"excerpt":{"rendered":"<p>Caracter\u00edsticas:<\/p>\n<p>Material: Silicona + ABS<br \/>\nBater\u00eda: Carga USB<br \/>\nMedidas:<br \/>\n*Cabeza 1: Largo total 21 cm (Insertable 12 cm aprox.) di\u00e1metro: 3.1 cm<br \/>\n*Cabeza 2: Largo 7.5 cm, di\u00e1metro: 3.6 cm<br \/>\nVibraci\u00f3n: 9 modalidades<br \/>\nRuido: &lt;50dB<br \/>\nTiempo de carga: alrededor de 2-3 horas<br \/>\nResistente al agua.<\/p>\n","protected":false},"featured_media":251,"comment_status":"open","ping_status":"closed","template":"","meta":[],"product_cat":[43],"product_tag":[33,45,44],"_links":{"self":[{"href":"https:\/\/plumbuss.com\/index.php?rest_route=\/wp\/v2\/product\/250"}],"collection":[{"href":"https:\/\/plumbuss.com\/index.php?rest_route=\/wp\/v2\/product"}],"about":[{"href":"https:\/\/plumbuss.com\/index.php?rest_route=\/wp\/v2\/types\/product"}],"replies":[{"embeddable":true,"href":"https:\/\/plumbuss.com\/index.php?rest_route=%2Fwp%2Fv2%2Fcomments&post=250"}],"wp:featuredmedia":[{"embeddable":true,"href":"https:\/\/plumbuss.com\/index.php?rest_route=\/wp\/v2\/media\/251"}],"wp:attachment":[{"href":"https:\/\/plumbuss.com\/index.php?rest_route=%2Fwp%2Fv2%2Fmedia&parent=250"}],"wp:term":[{"taxonomy":"product_cat","embeddable":true,"href":"https:\/\/plumbuss.com\/index.php?rest_route=%2Fwp%2Fv2%2Fproduct_cat&post=250"},{"taxonomy":"product_tag","embeddable":true,"href":"https:\/\/plumbuss.com\/index.php?rest_route=%2Fwp%2Fv2%2Fproduct_tag&post=250"}],"curies":[{"name":"wp","href":"https:\/\/api.w.org\/{rel}","templated":true}]}}