{"id":2230,"date":"2021-11-29T18:21:40","date_gmt":"2021-11-29T18:21:40","guid":{"rendered":"https:\/\/plumbuss.com\/?post_type=product&#038;p=2230"},"modified":"2025-09-22T23:00:21","modified_gmt":"2025-09-22T23:00:21","slug":"juego-completo-gato-cute-cola-orejas-collar-munequeras","status":"publish","type":"product","link":"https:\/\/plumbuss.com\/?product=juego-completo-gato-cute-cola-orejas-collar-munequeras","title":{"rendered":"Juego Completo Gato Cute (cola, Orejas, Collar, Mu\u00f1equeras)"},"content":{"rendered":"<p>ME PARECIO HABER VISTO UN LINDO GATITO<\/p>\n<p>Este juego incluye un par de orejas de gato, una cola de plug de acero peque\u00f1o, un par de mu\u00f1equeras de felpa y un mo\u00f1o tambi\u00e9n de felpa, todos adornados con un list\u00f3n a juego y un cascabel (la cola no tiene cascabel). La cola de 40 cm de largo esta elaborada en material sint\u00e9tico pero es esponjosa (peinar suavemente) con un lindo list\u00f3n en la punta para darle una apariencia mas tierna, adem\u00e1s de contar con un plug anal de acero inoxidable de 7cm de largo por 2.8 cm de di\u00e1metro, de punta c\u00f3nica que facilita la inserci\u00f3n. Las mu\u00f1equeras y el mo\u00f1o, se sujetan por medio de un list\u00f3n, lo que permite se ajuste a diversos di\u00e1metros.<\/p>\n<p>Medidas:<br \/>\nCola: 48 cm de largo total (40-41cm es de cola)<br \/>\nPlug Anal: 7cm x 2.8cm<br \/>\nOrejas: Diadema standard adulto, Orejas 8cm de base x 10 cm de alto (punto medio)<\/p>\n<p>**PERMITE MARGEN DE ERROR DE +\/- 1 CM EN EL LARGO TOTAL DE LA COLA**<\/p>\n","protected":false},"excerpt":{"rendered":"<h2 class=\"ui-pdp-specs__title\">Caracter\u00edsticas principales<\/h2>\n<div class=\"ui-pdp-specs__table\">\n<table class=\"andes-table\">\n<tbody class=\"andes-table__body\">\n<tr class=\"andes-table__row\">\n<th class=\"andes-table__header andes-table__header--left ui-pdp-specs__table__column ui-pdp-specs__table__column-title\">Marca<\/th>\n<td class=\"andes-table__column andes-table__column--left ui-pdp-specs__table__column\"><span class=\"andes-table__column--value\">PLUMBUSS<\/span><\/td>\n<\/tr>\n<tr class=\"andes-table__row\">\n<th class=\"andes-table__header andes-table__header--left ui-pdp-specs__table__column ui-pdp-specs__table__column-title\">Modelo<\/th>\n<td class=\"andes-table__column andes-table__column--left ui-pdp-specs__table__column\"><span class=\"andes-table__column--value\">GATO CUTE KIT<\/span><\/td>\n<\/tr>\n<\/tbody>\n<\/table>\n<\/div>\n<h3 class=\"ui-pdp-specs__subtitle\">Otras caracter\u00edsticas<\/h3>\n<div class=\"ui-pdp-list ui-pdp-specs__list\">\n<ul class=\"ui-pdp-list__wrapper\">\n<li class=\"ui-pdp-list__item\">\n<p class=\"ui-pdp-family--REGULAR ui-pdp-list__text\"><span class=\"ui-pdp-color--BLACK ui-pdp-size--XSMALL ui-pdp-family--BOLD\">Material<\/span>: Acero + Pelaje Sintetico<\/p>\n<\/li>\n<li class=\"ui-pdp-list__item\">\n<p class=\"ui-pdp-family--REGULAR ui-pdp-list__text\"><span class=\"ui-pdp-color--BLACK ui-pdp-size--XSMALL ui-pdp-family--BOLD\">Largo x Ancho<\/span>: 40 cm x 7.5 cm<\/p>\n<\/li>\n<\/ul>\n<ul class=\"ui-pdp-list__wrapper\">\n<li class=\"ui-pdp-list__item\">\n<p class=\"ui-pdp-family--REGULAR ui-pdp-list__text\"><span class=\"ui-pdp-color--BLACK ui-pdp-size--XSMALL ui-pdp-family--BOLD\">Vibraci\u00f3n<\/span>: No<\/p>\n<\/li>\n<\/ul>\n<\/div>\n","protected":false},"featured_media":2233,"comment_status":"open","ping_status":"closed","template":"","meta":[],"product_cat":[25],"product_tag":[],"_links":{"self":[{"href":"https:\/\/plumbuss.com\/index.php?rest_route=\/wp\/v2\/product\/2230"}],"collection":[{"href":"https:\/\/plumbuss.com\/index.php?rest_route=\/wp\/v2\/product"}],"about":[{"href":"https:\/\/plumbuss.com\/index.php?rest_route=\/wp\/v2\/types\/product"}],"replies":[{"embeddable":true,"href":"https:\/\/plumbuss.com\/index.php?rest_route=%2Fwp%2Fv2%2Fcomments&post=2230"}],"wp:featuredmedia":[{"embeddable":true,"href":"https:\/\/plumbuss.com\/index.php?rest_route=\/wp\/v2\/media\/2233"}],"wp:attachment":[{"href":"https:\/\/plumbuss.com\/index.php?rest_route=%2Fwp%2Fv2%2Fmedia&parent=2230"}],"wp:term":[{"taxonomy":"product_cat","embeddable":true,"href":"https:\/\/plumbuss.com\/index.php?rest_route=%2Fwp%2Fv2%2Fproduct_cat&post=2230"},{"taxonomy":"product_tag","embeddable":true,"href":"https:\/\/plumbuss.com\/index.php?rest_route=%2Fwp%2Fv2%2Fproduct_tag&post=2230"}],"curies":[{"name":"wp","href":"https:\/\/api.w.org\/{rel}","templated":true}]}}