{"id":2130,"date":"2021-10-20T23:16:16","date_gmt":"2021-10-20T23:16:16","guid":{"rendered":"https:\/\/plumbuss.com\/?post_type=product&#038;p=2130"},"modified":"2024-04-15T05:12:52","modified_gmt":"2024-04-15T05:12:53","slug":"condon-extragrande-de-poliuretano-sin-latex","status":"publish","type":"product","link":"https:\/\/plumbuss.com\/?product=condon-extragrande-de-poliuretano-sin-latex","title":{"rendered":"Condon Extragrande De Poliuretano Sin Latex"},"content":{"rendered":"<p>ALERGICOS AL LATEX? TEN RELACIONES SIN PONER EN RIESGO TU SALUD O LA DE TU PAREJA<\/p>\n<p>Kit de 3 Preservativo SIN l\u00e1tex, para las personas al\u00e9rgicas a los condones tradicionales. Los condones SKYN\u00ae Elite Large son m\u00e1s largos y anchos que nuestros condones Elite regulares para brindar una sensaci\u00f3n excepcionalmente sensible y sensual, as\u00ed como una mayor comodidad.<\/p>\n<p>Comodidad adicional: el tama\u00f1o m\u00e1s grande y la lubricaci\u00f3n suave como la seda le brindan la mejor y m\u00e1s c\u00f3moda experiencia.<\/p>\n<p>Ultrafino: los condones SKYN\u00ae Elite son un 15% m\u00e1s delgados que nuestros condones SKYN\u00ae Original. Grosor de 0,020 mm.<\/p>\n<p>Ultra suave: condones sin l\u00e1tex hechos de material SKYNFEEL\u00ae, un material revolucionario que se siente tan suave y c\u00f3modo que puedes sentirlo todo. Tambi\u00e9n permiten un gran ajuste a su forma para una m\u00e1xima comodidad. Por eso te encantar\u00e1.<\/p>\n<p>Medidas: Ancho nominal: 57mm. &#8211; Largo: 205 mm. \u2013 Grosor aprox: 0,020 mm. (Nota informativa. El ancho nominal de este preservativo XL es relativo. Debido a las caracter\u00edsticas del sensopreno el preservativo es m\u00e1s el\u00e1stico, m\u00e1s suave y aprieta menos que un preservativo est\u00e1ndar al que est\u00e9s acostumbrado)<\/p>\n<p>Todos los condones SKYN est\u00e1n libres de prote\u00ednas de caucho natural, lo que los convierte en una opci\u00f3n adecuada para personas con alergia al l\u00e1tex conocida o sospechada. Est\u00e1 hecho Polyuretano ( polysopreno ), un material flexible, el\u00e1stico y confortable, como una segunda capa de piel<\/p>\n<p>M\u00e1s resistente que el resto de los condones que no contienen l\u00e1tex.<\/p>\n<p>SON TRES CONDONES POR COMPRA (NO CAJA)<\/p>\n","protected":false},"excerpt":{"rendered":"<h2 class=\"ui-pdp-specs__title\">Caracter\u00edsticas principales<\/h2>\n<div class=\"ui-pdp-specs__table\">\n<table class=\"andes-table\">\n<tbody class=\"andes-table__body\">\n<tr class=\"andes-table__row\">\n<th class=\"andes-table__header andes-table__header--left ui-pdp-specs__table__column ui-pdp-specs__table__column-title\">Marca<\/th>\n<td class=\"andes-table__column andes-table__column--left ui-pdp-specs__table__column\"><span class=\"andes-table__column--value\">LIFESTYLE SKIN XL<\/span><\/td>\n<\/tr>\n<\/tbody>\n<\/table>\n<\/div>\n<h3 class=\"ui-pdp-specs__subtitle\">Otras caracter\u00edsticas<\/h3>\n<div class=\"ui-pdp-list ui-pdp-specs__list\">\n<ul class=\"ui-pdp-list__wrapper\">\n<li class=\"ui-pdp-list__item\">\n<p class=\"ui-pdp-family--REGULAR ui-pdp-list__text\"><span class=\"ui-pdp-color--BLACK ui-pdp-size--XSMALL ui-pdp-family--BOLD\">Unidades por envase<\/span>: 3<\/p>\n<\/li>\n<li class=\"ui-pdp-list__item\">\n<p class=\"ui-pdp-family--REGULAR ui-pdp-list__text\"><span class=\"ui-pdp-color--BLACK ui-pdp-size--XSMALL ui-pdp-family--BOLD\">Formato de venta<\/span>: Pack<\/p>\n<\/li>\n<\/ul>\n<\/div>\n","protected":false},"featured_media":2134,"comment_status":"open","ping_status":"closed","template":"","meta":[],"product_cat":[54],"product_tag":[],"_links":{"self":[{"href":"https:\/\/plumbuss.com\/index.php?rest_route=\/wp\/v2\/product\/2130"}],"collection":[{"href":"https:\/\/plumbuss.com\/index.php?rest_route=\/wp\/v2\/product"}],"about":[{"href":"https:\/\/plumbuss.com\/index.php?rest_route=\/wp\/v2\/types\/product"}],"replies":[{"embeddable":true,"href":"https:\/\/plumbuss.com\/index.php?rest_route=%2Fwp%2Fv2%2Fcomments&post=2130"}],"wp:featuredmedia":[{"embeddable":true,"href":"https:\/\/plumbuss.com\/index.php?rest_route=\/wp\/v2\/media\/2134"}],"wp:attachment":[{"href":"https:\/\/plumbuss.com\/index.php?rest_route=%2Fwp%2Fv2%2Fmedia&parent=2130"}],"wp:term":[{"taxonomy":"product_cat","embeddable":true,"href":"https:\/\/plumbuss.com\/index.php?rest_route=%2Fwp%2Fv2%2Fproduct_cat&post=2130"},{"taxonomy":"product_tag","embeddable":true,"href":"https:\/\/plumbuss.com\/index.php?rest_route=%2Fwp%2Fv2%2Fproduct_tag&post=2130"}],"curies":[{"name":"wp","href":"https:\/\/api.w.org\/{rel}","templated":true}]}}