{"id":194,"date":"2021-08-14T21:47:28","date_gmt":"2021-08-14T21:47:28","guid":{"rendered":"https:\/\/plumbuss.com\/?post_type=product&#038;p=194"},"modified":"2023-11-15T23:21:50","modified_gmt":"2023-11-15T23:21:50","slug":"vibrador-mini-con-diamantes-vibrador-bala-juguete-parejas","status":"publish","type":"product","link":"https:\/\/plumbuss.com\/?product=vibrador-mini-con-diamantes-vibrador-bala-juguete-parejas","title":{"rendered":"Vibrador Mini Con Diamantes\/ Vibrador Bala \/ Juguete Parejas"},"content":{"rendered":"<p>DIVERSI\u00d3N Y PLACER AL ALCANCE DE TU BOLSILLO<\/p>\n<p>Una bala potente y sencilla que querr\u00e1s te acompa\u00f1e a todos lados. Un juguete perfecto para el jugueteo previo, o para darte placer en solo, o donde quiera que est\u00e9s, el material es suave al tacto lo que har\u00e1 que estimule de forma suave tu clitoris o puedas realizar una penetraci\u00f3n ligera. Por \u00faltimo, un dise\u00f1o coqueto y femenino con adorno de diamantes de fantas\u00eda.<\/p>\n","protected":false},"excerpt":{"rendered":"<p>-Material pl\u00e1stico ABS suave.<br \/>\n-10.5 CM largo X 2.3 CM de ancho<br \/>\n-1 Bateria doble AA (NO incluye bater\u00edas)<br \/>\n-Resistente al agua (NO sumergible)<br \/>\nVelocidades: 1 frecuencia de vibraci\u00f3n (gira la perilla suavemente para ir de lo lento a lo intenso)<\/p>\n","protected":false},"featured_media":2055,"comment_status":"open","ping_status":"closed","template":"","meta":[],"product_cat":[30],"product_tag":[33,32],"_links":{"self":[{"href":"https:\/\/plumbuss.com\/index.php?rest_route=\/wp\/v2\/product\/194"}],"collection":[{"href":"https:\/\/plumbuss.com\/index.php?rest_route=\/wp\/v2\/product"}],"about":[{"href":"https:\/\/plumbuss.com\/index.php?rest_route=\/wp\/v2\/types\/product"}],"replies":[{"embeddable":true,"href":"https:\/\/plumbuss.com\/index.php?rest_route=%2Fwp%2Fv2%2Fcomments&post=194"}],"wp:featuredmedia":[{"embeddable":true,"href":"https:\/\/plumbuss.com\/index.php?rest_route=\/wp\/v2\/media\/2055"}],"wp:attachment":[{"href":"https:\/\/plumbuss.com\/index.php?rest_route=%2Fwp%2Fv2%2Fmedia&parent=194"}],"wp:term":[{"taxonomy":"product_cat","embeddable":true,"href":"https:\/\/plumbuss.com\/index.php?rest_route=%2Fwp%2Fv2%2Fproduct_cat&post=194"},{"taxonomy":"product_tag","embeddable":true,"href":"https:\/\/plumbuss.com\/index.php?rest_route=%2Fwp%2Fv2%2Fproduct_tag&post=194"}],"curies":[{"name":"wp","href":"https:\/\/api.w.org\/{rel}","templated":true}]}}