{"id":1822,"date":"2021-09-22T23:15:55","date_gmt":"2021-09-22T23:15:55","guid":{"rendered":"https:\/\/plumbuss.com\/?post_type=product&#038;p=1822"},"modified":"2021-10-04T19:23:38","modified_gmt":"2021-10-04T19:23:38","slug":"vibrador-sexo-oral-maleable","status":"publish","type":"product","link":"https:\/\/plumbuss.com\/?product=vibrador-sexo-oral-maleable","title":{"rendered":"Vibrador Sexo Oral Maleable"},"content":{"rendered":"<p>\u00bfBUSCANDO ALGO M\u00c1S?<\/p>\n<p>Este vibrador es algo especial, cuenta con un fuerte motor de movimiento s\u00edsmico, estimulaci\u00f3n sub-beat de alta frecuencia que te asegurara ese orgasmo intenso. \u00bfEso no es suficiente?, tambi\u00e9n cuenta con un anillo compuesto de aletas tipo lengua que te dar\u00e1n una estimulaci\u00f3n extra en cada penetraci\u00f3n justo en el lugar indicado. Pero aun falta algo, es maleable al 100% lo que permite ajustarlo al angulo que mas te acomode, adem\u00e1s, sus motores funcionan juntos o independientes, elige lo que mas se te antoje y se due\u00f1a de tu orgasmo.<\/p>\n<p>Caracter\u00edstica:<\/p>\n<p>Material: Silicona de alta calidad + ABS<br \/>\nTipo de Vibraci\u00f3n: 12 modos de rotaci\u00f3n y 10 modos de vibraci\u00f3n<br \/>\nAlimentaci\u00f3n: USB recargable, f\u00e1cil de cargar<br \/>\nDise\u00f1o resistente al agua<br \/>\nMedidas:<br \/>\n*Largo Total 24.5 cm<br \/>\n*Extremo Penetrable: 15 cm x 3.2 cm en su parte m\u00e1s ancha<br \/>\n*Extremo Oral: 9 cm x 4.2 cm x 4.3 cm<br \/>\nPeso: 170 gr<\/p>\n<p>**PERMITE MARGEN DE ERROR DE +\/- 1 CM**<\/p>\n","protected":false},"excerpt":{"rendered":"<div class=\"ui-pdp-specs__table\">\n<table class=\"andes-table\">\n<tbody class=\"andes-table__body\">\n<tr class=\"andes-table__row\">\n<th class=\"andes-table__header andes-table__header--left ui-pdp-specs__table__column ui-pdp-specs__table__column-title\">Marca<\/th>\n<td class=\"andes-table__column andes-table__column--left ui-pdp-specs__table__column\"><span class=\"andes-table__column--value\">PLUMBUSS<\/span><\/td>\n<\/tr>\n<tr class=\"andes-table__row\">\n<th class=\"andes-table__header andes-table__header--left ui-pdp-specs__table__column ui-pdp-specs__table__column-title\">Modelo<\/th>\n<td class=\"andes-table__column andes-table__column--left ui-pdp-specs__table__column\"><span class=\"andes-table__column--value\">Vibrador Rotativo<\/span><\/td>\n<\/tr>\n<\/tbody>\n<\/table>\n<\/div>\n<h3 class=\"ui-pdp-specs__subtitle\">Otras caracter\u00edsticas<\/h3>\n<div class=\"ui-pdp-list ui-pdp-specs__list\">\n<ul class=\"ui-pdp-list__wrapper\">\n<li class=\"ui-pdp-list__item\">\n<p class=\"ui-pdp-family--REGULAR ui-pdp-list__text\"><span class=\"ui-pdp-color--BLACK ui-pdp-size--XSMALL ui-pdp-family--BOLD\">Tipo de vibrador<\/span>: Punto G<\/p>\n<\/li>\n<li class=\"ui-pdp-list__item\">\n<p class=\"ui-pdp-family--REGULAR ui-pdp-list__text\"><span class=\"ui-pdp-color--BLACK ui-pdp-size--XSMALL ui-pdp-family--BOLD\">Largo<\/span>: 24 cm<\/p>\n<\/li>\n<\/ul>\n<ul class=\"ui-pdp-list__wrapper\">\n<li class=\"ui-pdp-list__item\">\n<p class=\"ui-pdp-family--REGULAR ui-pdp-list__text\"><span class=\"ui-pdp-color--BLACK ui-pdp-size--XSMALL ui-pdp-family--BOLD\">Di\u00e1metro<\/span>: 3 cm<\/p>\n<\/li>\n<li class=\"ui-pdp-list__item\">\n<p class=\"ui-pdp-family--REGULAR ui-pdp-list__text\"><span class=\"ui-pdp-color--BLACK ui-pdp-size--XSMALL ui-pdp-family--BOLD\">Tipo de alimentaci\u00f3n<\/span>: Recargable<\/p>\n<\/li>\n<\/ul>\n<ul class=\"ui-pdp-list__wrapper\">\n<li class=\"ui-pdp-list__item\">\n<p class=\"ui-pdp-family--REGULAR ui-pdp-list__text\"><span class=\"ui-pdp-color--BLACK ui-pdp-size--XSMALL ui-pdp-family--BOLD\">Material<\/span>: Silicona + ABS<\/p>\n<\/li>\n<li class=\"ui-pdp-list__item\">\n<p class=\"ui-pdp-family--REGULAR ui-pdp-list__text\"><span class=\"ui-pdp-color--BLACK ui-pdp-size--XSMALL ui-pdp-family--BOLD\">Cantidad de velocidades<\/span>: 10<\/p>\n<\/li>\n<\/ul>\n<\/div>\n","protected":false},"featured_media":1825,"comment_status":"open","ping_status":"closed","template":"","meta":[],"product_cat":[51],"product_tag":[33,47,48],"_links":{"self":[{"href":"https:\/\/plumbuss.com\/index.php?rest_route=\/wp\/v2\/product\/1822"}],"collection":[{"href":"https:\/\/plumbuss.com\/index.php?rest_route=\/wp\/v2\/product"}],"about":[{"href":"https:\/\/plumbuss.com\/index.php?rest_route=\/wp\/v2\/types\/product"}],"replies":[{"embeddable":true,"href":"https:\/\/plumbuss.com\/index.php?rest_route=%2Fwp%2Fv2%2Fcomments&post=1822"}],"wp:featuredmedia":[{"embeddable":true,"href":"https:\/\/plumbuss.com\/index.php?rest_route=\/wp\/v2\/media\/1825"}],"wp:attachment":[{"href":"https:\/\/plumbuss.com\/index.php?rest_route=%2Fwp%2Fv2%2Fmedia&parent=1822"}],"wp:term":[{"taxonomy":"product_cat","embeddable":true,"href":"https:\/\/plumbuss.com\/index.php?rest_route=%2Fwp%2Fv2%2Fproduct_cat&post=1822"},{"taxonomy":"product_tag","embeddable":true,"href":"https:\/\/plumbuss.com\/index.php?rest_route=%2Fwp%2Fv2%2Fproduct_tag&post=1822"}],"curies":[{"name":"wp","href":"https:\/\/api.w.org\/{rel}","templated":true}]}}