{"id":1545,"date":"2021-09-21T22:42:37","date_gmt":"2021-09-21T22:42:37","guid":{"rendered":"https:\/\/plumbuss.com\/?post_type=product&#038;p=1545"},"modified":"2021-09-25T02:26:08","modified_gmt":"2021-09-25T02:26:08","slug":"ducha-anal-ultra-calexotics","status":"publish","type":"product","link":"https:\/\/plumbuss.com\/?product=ducha-anal-ultra-calexotics","title":{"rendered":"Ducha Anal Ultra Calexotics"},"content":{"rendered":"<p>CalExotics Ultra Douche ofrece al usuario un valor excepcional sin comprometer la calidad. Puede garantizar una limpieza completa, sin el costo, con este fant\u00e1stico producto.<\/p>\n<p>No se quede corto en la limpieza nunca m\u00e1s, con esta ducha anal f\u00e1cil de usar a su disposici\u00f3n. La ducha est\u00e1 compuesta por un bulbo de PVC est\u00e1ndar para una m\u00e1xima retenci\u00f3n de agua, hasta 6.5 fl. Oz \/ 190 ml, mientras que la boquilla de PP permite una f\u00e1cil entrada y aplicaci\u00f3n desde el dep\u00f3sito de agua. Es f\u00e1cil de desmontar, lo que significa que el usuario puede disfrutar y limpiar el producto con facilidad. Simplemente llene la bombilla flexible con agua, inserte el aplicador y espere sentirse limpio como un silbato. Tambi\u00e9n existe la ventaja adicional de placer que los usuarios sienten al jugar con esta ducha anal.<\/p>\n<p>Disfruta del placer extremo con este emocionante juguete acu\u00e1tico. Atr\u00e1s quedaron los d\u00edas de preocuparse por no estar limpio cuando comienza la diversi\u00f3n, simplemente vete a escondidas al ba\u00f1o, usa tu Ultra Douche y listo, completamente limpio y 100% libre de l\u00edos.<\/p>\n<p>Medidas<br \/>\n5 &#8220;x 0,75&#8221; \/ 13 cm x 2 cm (accesorio grande)<br \/>\n3 &#8220;x 0,25&#8221; \/ 8 cm x 1 cm (accesorio est\u00e1ndar)<br \/>\nPeso a granel: 4 (oz) \/ 0,11 (kg)<br \/>\nPaquete: 6,9 (oz) \/ 0,2 (kg)<br \/>\nPaquete 3 x 5 x 13 (pulgadas) \/ 7,5 x 12,75 x 33 (cm)<\/p>\n","protected":false},"excerpt":{"rendered":"<div class=\"ui-pdp-specs__table\">\n<table class=\"andes-table\">\n<tbody class=\"andes-table__body\">\n<tr class=\"andes-table__row\">\n<th class=\"andes-table__header andes-table__header--left ui-pdp-specs__table__column ui-pdp-specs__table__column-title\">Marca<\/th>\n<td class=\"andes-table__column andes-table__column--left ui-pdp-specs__table__column\"><span class=\"andes-table__column--value\">CalExotics<\/span><\/td>\n<\/tr>\n<tr class=\"andes-table__row\">\n<th class=\"andes-table__header andes-table__header--left ui-pdp-specs__table__column ui-pdp-specs__table__column-title\">Modelo<\/th>\n<td class=\"andes-table__column andes-table__column--left ui-pdp-specs__table__column\"><span class=\"andes-table__column--value\">ULTRA DOUCHE<\/span><\/td>\n<\/tr>\n<\/tbody>\n<\/table>\n<\/div>\n<h3 class=\"ui-pdp-specs__subtitle\">Otras caracter\u00edsticas<\/h3>\n<div class=\"ui-pdp-list ui-pdp-specs__list\">\n<ul class=\"ui-pdp-list__wrapper\">\n<li class=\"ui-pdp-list__item\">\n<p class=\"ui-pdp-family--REGULAR ui-pdp-list__text\"><span class=\"ui-pdp-color--BLACK ui-pdp-size--XSMALL ui-pdp-family--BOLD\">Material<\/span>: Polipropileno Libre de Ftalatos<\/p>\n<\/li>\n<li class=\"ui-pdp-list__item\">\n<p class=\"ui-pdp-family--REGULAR ui-pdp-list__text\"><span class=\"ui-pdp-color--BLACK ui-pdp-size--XSMALL ui-pdp-family--BOLD\">Largo total<\/span>: 13 cm<\/p>\n<\/li>\n<\/ul>\n<ul class=\"ui-pdp-list__wrapper\">\n<li class=\"ui-pdp-list__item\">\n<p class=\"ui-pdp-family--REGULAR ui-pdp-list__text\"><span class=\"ui-pdp-color--BLACK ui-pdp-size--XSMALL ui-pdp-family--BOLD\">Di\u00e1metro m\u00e1ximo<\/span>: 2 cm<\/p>\n<\/li>\n<li class=\"ui-pdp-list__item\">\n<p class=\"ui-pdp-family--REGULAR ui-pdp-list__text\"><span class=\"ui-pdp-color--BLACK ui-pdp-size--XSMALL ui-pdp-family--BOLD\">Capacidad en volumen<\/span>: 199 mL<\/p>\n<\/li>\n<\/ul>\n<\/div>\n","protected":false},"featured_media":1548,"comment_status":"open","ping_status":"closed","template":"","meta":[],"product_cat":[62],"product_tag":[27],"_links":{"self":[{"href":"https:\/\/plumbuss.com\/index.php?rest_route=\/wp\/v2\/product\/1545"}],"collection":[{"href":"https:\/\/plumbuss.com\/index.php?rest_route=\/wp\/v2\/product"}],"about":[{"href":"https:\/\/plumbuss.com\/index.php?rest_route=\/wp\/v2\/types\/product"}],"replies":[{"embeddable":true,"href":"https:\/\/plumbuss.com\/index.php?rest_route=%2Fwp%2Fv2%2Fcomments&post=1545"}],"wp:featuredmedia":[{"embeddable":true,"href":"https:\/\/plumbuss.com\/index.php?rest_route=\/wp\/v2\/media\/1548"}],"wp:attachment":[{"href":"https:\/\/plumbuss.com\/index.php?rest_route=%2Fwp%2Fv2%2Fmedia&parent=1545"}],"wp:term":[{"taxonomy":"product_cat","embeddable":true,"href":"https:\/\/plumbuss.com\/index.php?rest_route=%2Fwp%2Fv2%2Fproduct_cat&post=1545"},{"taxonomy":"product_tag","embeddable":true,"href":"https:\/\/plumbuss.com\/index.php?rest_route=%2Fwp%2Fv2%2Fproduct_tag&post=1545"}],"curies":[{"name":"wp","href":"https:\/\/api.w.org\/{rel}","templated":true}]}}