{"id":1510,"date":"2021-09-21T22:03:43","date_gmt":"2021-09-21T22:03:43","guid":{"rendered":"https:\/\/plumbuss.com\/?post_type=product&#038;p=1510"},"modified":"2021-10-04T15:37:32","modified_gmt":"2021-10-04T15:37:32","slug":"vibrador-elan-edicion-limitada-alive","status":"publish","type":"product","link":"https:\/\/plumbuss.com\/?product=vibrador-elan-edicion-limitada-alive","title":{"rendered":"Vibrador \u00c9lan Edici\u00f3n Limitada Alive"},"content":{"rendered":"<p>UN ESTIMULADOR DE CL\u00cdTORIS PERFECTO<\/p>\n<p>La l\u00ednea de vibradores &#8220;ELAN LIMITED EDITION&#8221; cuentan con la tecnolog\u00eda &#8220;INTENSE&#8221; la cual es un nuevo rango en los juguetes con un dise\u00f1o \u00fanico en el motor. Creado espec\u00edficamente para producir una vibraci\u00f3n de frecuencia baja, la cual se ha demostrado, intensifica las sensaciones. Estos motores proporcionan una vibraci\u00f3n profunda y penetrante en la zona a estimular.<\/p>\n<p>El modelo &#8220;ALIVE&#8221; es un juguete nuevo y \u00fanico con un dise\u00f1o especial para proporcionar vibraciones intensas a trav\u00e9s de sus orejas de silic\u00f3n. Este \u00faltimo dise\u00f1o tipo conejo te asegura tener todo lo que deseas y m\u00e1s.<\/p>\n<p>Caracter\u00edsticas:<\/p>\n<p>Material: Silicon + ABS<br \/>\nColor: Blanco con rojo<br \/>\nMedidas:<br \/>\n*Largo total; 15cm<br \/>\n*Largo Orejas: 3.5 cm<br \/>\nAlimentaci\u00f3n: bater\u00eda de litio recargable por medio de USB<br \/>\nVibraciones: 3 frecuencias de vibraci\u00f3n y 3 frecuencias de pulsaci\u00f3n<br \/>\nA prueba de agua<\/p>\n","protected":false},"excerpt":{"rendered":"<div class=\"ui-pdp-specs__table\">\n<table class=\"andes-table\">\n<tbody class=\"andes-table__body\">\n<tr class=\"andes-table__row\">\n<th class=\"andes-table__header andes-table__header--left ui-pdp-specs__table__column ui-pdp-specs__table__column-title\">Marca<\/th>\n<td class=\"andes-table__column andes-table__column--left ui-pdp-specs__table__column\"><span class=\"andes-table__column--value\">Elan<\/span><\/td>\n<\/tr>\n<tr class=\"andes-table__row\">\n<th class=\"andes-table__header andes-table__header--left ui-pdp-specs__table__column ui-pdp-specs__table__column-title\">Modelo<\/th>\n<td class=\"andes-table__column andes-table__column--left ui-pdp-specs__table__column\"><span class=\"andes-table__column--value\">Alive<\/span><\/td>\n<\/tr>\n<\/tbody>\n<\/table>\n<\/div>\n<h3 class=\"ui-pdp-specs__subtitle\">Otras caracter\u00edsticas<\/h3>\n<div class=\"ui-pdp-list ui-pdp-specs__list\">\n<ul class=\"ui-pdp-list__wrapper\">\n<li class=\"ui-pdp-list__item\">\n<p class=\"ui-pdp-family--REGULAR ui-pdp-list__text\"><span class=\"ui-pdp-color--BLACK ui-pdp-size--XSMALL ui-pdp-family--BOLD\">Tipo de vibrador<\/span>: Punto G<\/p>\n<\/li>\n<li class=\"ui-pdp-list__item\">\n<p class=\"ui-pdp-family--REGULAR ui-pdp-list__text\"><span class=\"ui-pdp-color--BLACK ui-pdp-size--XSMALL ui-pdp-family--BOLD\">Largo<\/span>: 15 cm<\/p>\n<\/li>\n<\/ul>\n<ul class=\"ui-pdp-list__wrapper\">\n<li class=\"ui-pdp-list__item\">\n<p class=\"ui-pdp-family--REGULAR ui-pdp-list__text\"><span class=\"ui-pdp-color--BLACK ui-pdp-size--XSMALL ui-pdp-family--BOLD\">Di\u00e1metro<\/span>: 3.5 cm<\/p>\n<\/li>\n<li class=\"ui-pdp-list__item\">\n<p class=\"ui-pdp-family--REGULAR ui-pdp-list__text\"><span class=\"ui-pdp-color--BLACK ui-pdp-size--XSMALL ui-pdp-family--BOLD\">Tipo de alimentaci\u00f3n<\/span>: Recargable Por USB<\/p>\n<\/li>\n<\/ul>\n<ul class=\"ui-pdp-list__wrapper\">\n<li class=\"ui-pdp-list__item\">\n<p class=\"ui-pdp-family--REGULAR ui-pdp-list__text\"><span class=\"ui-pdp-color--BLACK ui-pdp-size--XSMALL ui-pdp-family--BOLD\">Material<\/span>: Silicon + ABS<\/p>\n<\/li>\n<li class=\"ui-pdp-list__item\">\n<p class=\"ui-pdp-family--REGULAR ui-pdp-list__text\"><span class=\"ui-pdp-color--BLACK ui-pdp-size--XSMALL ui-pdp-family--BOLD\">Cantidad de velocidades<\/span>: 6<\/p>\n<\/li>\n<\/ul>\n<\/div>\n","protected":false},"featured_media":1512,"comment_status":"open","ping_status":"closed","template":"","meta":[],"product_cat":[30],"product_tag":[],"_links":{"self":[{"href":"https:\/\/plumbuss.com\/index.php?rest_route=\/wp\/v2\/product\/1510"}],"collection":[{"href":"https:\/\/plumbuss.com\/index.php?rest_route=\/wp\/v2\/product"}],"about":[{"href":"https:\/\/plumbuss.com\/index.php?rest_route=\/wp\/v2\/types\/product"}],"replies":[{"embeddable":true,"href":"https:\/\/plumbuss.com\/index.php?rest_route=%2Fwp%2Fv2%2Fcomments&post=1510"}],"wp:featuredmedia":[{"embeddable":true,"href":"https:\/\/plumbuss.com\/index.php?rest_route=\/wp\/v2\/media\/1512"}],"wp:attachment":[{"href":"https:\/\/plumbuss.com\/index.php?rest_route=%2Fwp%2Fv2%2Fmedia&parent=1510"}],"wp:term":[{"taxonomy":"product_cat","embeddable":true,"href":"https:\/\/plumbuss.com\/index.php?rest_route=%2Fwp%2Fv2%2Fproduct_cat&post=1510"},{"taxonomy":"product_tag","embeddable":true,"href":"https:\/\/plumbuss.com\/index.php?rest_route=%2Fwp%2Fv2%2Fproduct_tag&post=1510"}],"curies":[{"name":"wp","href":"https:\/\/api.w.org\/{rel}","templated":true}]}}